Last updated on 2024-07-27 01:53:19 CEST.
Flavor | Version | Tinstall | Tcheck | Ttotal | Status | Flags |
---|---|---|---|---|---|---|
r-devel-linux-x86_64-debian-clang | 0.1.3 | 17.83 | 94.48 | 112.31 | OK | |
r-devel-linux-x86_64-debian-gcc | 0.1.3 | 12.17 | 71.16 | 83.33 | OK | |
r-devel-linux-x86_64-fedora-clang | 0.1.3 | 151.84 | NOTE | |||
r-devel-linux-x86_64-fedora-gcc | 0.1.3 | 143.05 | OK | |||
r-devel-windows-x86_64 | 0.1.3 | 16.00 | 89.00 | 105.00 | OK | |
r-patched-linux-x86_64 | 0.1.3 | OK | ||||
r-release-linux-x86_64 | 0.1.3 | 10.32 | 92.69 | 103.01 | OK | |
r-release-macos-arm64 | 0.1.3 | 44.00 | OK | |||
r-release-macos-x86_64 | 0.1.3 | 110.00 | OK | |||
r-release-windows-x86_64 | 0.1.3 | 15.00 | 90.00 | 105.00 | OK | |
r-oldrel-macos-arm64 | 0.1.3 | 49.00 | OK | |||
r-oldrel-macos-x86_64 | 0.1.3 | 85.00 | OK | |||
r-oldrel-windows-x86_64 | 0.1.3 | 19.00 | 103.00 | 122.00 | OK |
Version: 0.1.3
Check: package dependencies
Result: NOTE
Imports includes 21 non-default packages.
Importing from so many packages makes the package vulnerable to any of
them becoming unavailable. Move as many as possible to Suggests and
use conditionally.
Flavor: r-devel-linux-x86_64-fedora-clang