Last updated on 2025-05-08 01:51:14 CEST.
Flavor | Version | Tinstall | Tcheck | Ttotal | Status | Flags |
---|---|---|---|---|---|---|
r-devel-linux-x86_64-debian-clang | 1.3.2 | 58.43 | 435.21 | 493.64 | NOTE | |
r-devel-linux-x86_64-debian-gcc | 1.3.2 | 37.12 | 290.45 | 327.57 | NOTE | |
r-devel-linux-x86_64-fedora-clang | 1.3.3 | 810.08 | OK | |||
r-devel-linux-x86_64-fedora-gcc | 1.3.2 | 768.84 | NOTE | |||
r-devel-windows-x86_64 | 1.3.2 | 51.00 | 631.00 | 682.00 | NOTE | |
r-patched-linux-x86_64 | 1.3.2 | 52.65 | 417.90 | 470.55 | NOTE | |
r-release-linux-x86_64 | 1.3.2 | 56.05 | 416.64 | 472.69 | NOTE | |
r-release-macos-arm64 | 1.3.3 | 185.00 | OK | |||
r-release-macos-x86_64 | 1.3.3 | 426.00 | OK | |||
r-release-windows-x86_64 | 1.3.2 | 52.00 | 634.00 | 686.00 | NOTE | |
r-oldrel-macos-arm64 | 1.3.3 | 185.00 | OK | |||
r-oldrel-macos-x86_64 | 1.3.3 | 486.00 | OK | |||
r-oldrel-windows-x86_64 | 1.3.2 | 74.00 | 876.00 | 950.00 | OK |
Version: 1.3.2
Check: DESCRIPTION meta-information
Result: NOTE
Missing dependency on R >= 4.1.0 because package code uses the pipe
|> or function shorthand \(...) syntax added in R 4.1.0.
File(s) using such syntax:
‘tasmania_ibra_data.Rd’ ‘thylacine_example_matrices.Rd’
Flavors: r-devel-linux-x86_64-debian-clang, r-devel-linux-x86_64-debian-gcc, r-devel-linux-x86_64-fedora-gcc, r-devel-windows-x86_64, r-patched-linux-x86_64, r-release-linux-x86_64, r-release-windows-x86_64