Last updated on 2025-10-25 01:51:12 CEST.
| Flavor | Version | Tinstall | Tcheck | Ttotal | Status | Flags |
|---|---|---|---|---|---|---|
| r-devel-linux-x86_64-debian-clang | 1.1.1 | 13.42 | 31.24 | 44.66 | NOTE | |
| r-devel-linux-x86_64-debian-gcc | 1.1.1 | 7.86 | 23.77 | 31.63 | NOTE | |
| r-devel-linux-x86_64-fedora-clang | 1.1.1 | 36.00 | 38.83 | 74.83 | OK | |
| r-devel-linux-x86_64-fedora-gcc | 1.1.1 | 35.00 | 32.49 | 67.49 | OK | |
| r-devel-windows-x86_64 | 1.1.1 | 16.00 | 64.00 | 80.00 | OK | |
| r-patched-linux-x86_64 | 1.1.1 | 11.79 | 29.23 | 41.02 | OK | |
| r-release-linux-x86_64 | 1.1.1 | 11.45 | 29.15 | 40.60 | OK | |
| r-release-macos-arm64 | 1.1.1 | 6.00 | 16.00 | 22.00 | OK | |
| r-release-macos-x86_64 | 1.1.1 | 8.00 | 28.00 | 36.00 | OK | |
| r-release-windows-x86_64 | 1.1.1 | 17.00 | 66.00 | 83.00 | OK | |
| r-oldrel-macos-arm64 | 1.1.1 | 9.00 | 18.00 | 27.00 | OK | |
| r-oldrel-macos-x86_64 | 1.1.1 | 8.00 | 24.00 | 32.00 | OK | |
| r-oldrel-windows-x86_64 | 1.1.1 | 18.00 | 80.00 | 98.00 | OK |
Version: 1.1.1
Check: CRAN incoming feasibility
Result: NOTE
Maintainer: ‘David Kahle <david@kahle.io>’
Package CITATION file contains call(s) to old-style citEntry(). Please
use bibentry() instead.
Flavors: r-devel-linux-x86_64-debian-clang, r-devel-linux-x86_64-debian-gcc