Last updated on 2025-02-10 02:50:01 CET.
Flavor | Version | Tinstall | Tcheck | Ttotal | Status | Flags |
---|---|---|---|---|---|---|
r-devel-linux-x86_64-debian-clang | 0.1.3 | 81.19 | 43.33 | 124.52 | OK | |
r-devel-linux-x86_64-debian-gcc | 0.1.3 | 63.70 | 40.69 | 104.39 | OK | |
r-devel-linux-x86_64-fedora-clang | 0.1.3 | 223.88 | OK | |||
r-devel-linux-x86_64-fedora-gcc | 0.1.3 | 253.07 | OK | |||
r-devel-windows-x86_64 | 0.1.3 | 79.00 | 89.00 | 168.00 | OK | |
r-patched-linux-x86_64 | 0.1.3 | 87.69 | 50.42 | 138.11 | OK | |
r-release-linux-x86_64 | 0.1.3 | 85.21 | 49.78 | 134.99 | OK | |
r-release-macos-arm64 | 0.1.3 | 74.00 | NOTE | |||
r-release-macos-x86_64 | 0.1.3 | 77.00 | NOTE | |||
r-release-windows-x86_64 | 0.1.3 | 81.00 | 84.00 | 165.00 | OK | |
r-oldrel-macos-arm64 | 0.1.3 | 69.00 | NOTE | |||
r-oldrel-macos-x86_64 | 0.1.3 | 115.00 | NOTE | |||
r-oldrel-windows-x86_64 | 0.1.3 | 92.00 | 105.00 | 197.00 | OK |
Version: 0.1.3
Check: installed package size
Result: NOTE
installed size is 19.4Mb
sub-directories of 1Mb or more:
libs 19.0Mb
Flavors: r-release-macos-arm64, r-release-macos-x86_64, r-oldrel-macos-arm64, r-oldrel-macos-x86_64