Last updated on 2025-05-06 02:50:28 CEST.
Flavor | Version | Tinstall | Tcheck | Ttotal | Status | Flags |
---|---|---|---|---|---|---|
r-devel-linux-x86_64-debian-clang | 0.5-11 | 3.15 | 55.69 | 58.84 | NOTE | |
r-devel-linux-x86_64-debian-gcc | 0.5-11 | 2.58 | 37.52 | 40.10 | NOTE | |
r-devel-linux-x86_64-fedora-clang | 0.5-11 | 97.01 | OK | |||
r-devel-linux-x86_64-fedora-gcc | 0.5-11 | 105.15 | OK | |||
r-devel-windows-x86_64 | 0.5-11 | 6.00 | 83.00 | 89.00 | OK | |
r-patched-linux-x86_64 | 0.5-11 | 3.19 | 52.31 | 55.50 | OK | |
r-release-linux-x86_64 | 0.5-11 | 3.27 | 52.82 | 56.09 | OK | |
r-release-macos-arm64 | 0.5-11 | 37.00 | OK | |||
r-release-macos-x86_64 | 0.5-11 | 71.00 | OK | |||
r-release-windows-x86_64 | 0.5-11 | 5.00 | 87.00 | 92.00 | OK | |
r-oldrel-macos-arm64 | 0.5-11 | 41.00 | OK | |||
r-oldrel-macos-x86_64 | 0.5-11 | 52.00 | OK | |||
r-oldrel-windows-x86_64 | 0.5-11 | 6.00 | 80.00 | 86.00 | OK |
Version: 0.5-11
Check: CRAN incoming feasibility
Result: NOTE
Maintainer: ‘Charles J. Geyer <charlie@stat.umn.edu>’
No Authors@R field in DESCRIPTION.
Please add one, modifying
Authors@R: c(person(given = c("Charles", "J."),
family = "Geyer",
role = c("aut", "cre"),
email = "charlie@stat.umn.edu"),
person(given = "Leif",
family = "Johnson",
role = "aut",
email = "ltjohnson@google.com"))
as necessary.
Flavors: r-devel-linux-x86_64-debian-clang, r-devel-linux-x86_64-debian-gcc