Last updated on 2025-11-15 02:53:10 CET.
| Flavor | Version | Tinstall | Tcheck | Ttotal | Status | Flags |
|---|---|---|---|---|---|---|
| r-devel-linux-x86_64-debian-clang | 1.1 | 18.29 | 32.66 | 50.95 | WARN | |
| r-devel-linux-x86_64-debian-gcc | 1.1 | 12.22 | 25.15 | 37.37 | WARN | |
| r-devel-linux-x86_64-fedora-clang | 1.2 | 58.00 | 36.08 | 94.08 | OK | |
| r-devel-linux-x86_64-fedora-gcc | 1.2 | 70.00 | 21.01 | 91.01 | OK | |
| r-devel-windows-x86_64 | 1.1 | 27.00 | 68.00 | 95.00 | NOTE | |
| r-patched-linux-x86_64 | 1.1 | 20.64 | 31.12 | 51.76 | NOTE | |
| r-release-linux-x86_64 | 1.1 | 22.20 | 31.34 | 53.54 | NOTE | |
| r-release-macos-arm64 | 1.1 | 10.00 | 36.00 | 46.00 | NOTE | |
| r-release-macos-x86_64 | 1.2 | 22.00 | 45.00 | 67.00 | OK | |
| r-release-windows-x86_64 | 1.1 | 25.00 | 72.00 | 97.00 | NOTE | |
| r-oldrel-macos-arm64 | 1.1 | 9.00 | 18.00 | 27.00 | NOTE | |
| r-oldrel-macos-x86_64 | 1.2 | 18.00 | 41.00 | 59.00 | OK | |
| r-oldrel-windows-x86_64 | 1.1 | 32.00 | 82.00 | 114.00 | NOTE |
Version: 1.1
Check: whether package can be installed
Result: WARN
Found the following significant warnings:
/home/hornik/tmp/R.check/r-devel-clang/Work/build/Packages/RcppArmadillo/include/RcppArmadillo/version/arma.h:66:17: warning: Using fallback compilation with Armadillo 14.6.3. Please consider defining -DARMA_USE_CURRENT and also removing C++11 compilation directive. See GitHub issue #475 for more. [-W#pragma-messages]
See ‘/home/hornik/tmp/R.check/r-devel-clang/Work/PKGS/pqrfe.Rcheck/00install.out’ for details.
* used C++ compiler: ‘Debian clang version 21.1.5 (1)’
Flavor: r-devel-linux-x86_64-debian-clang
Version: 1.1
Check: C++ specification
Result: NOTE
Specified C++11: please drop specification unless essential
Flavors: r-devel-linux-x86_64-debian-clang, r-devel-linux-x86_64-debian-gcc, r-devel-windows-x86_64, r-patched-linux-x86_64, r-release-linux-x86_64, r-release-macos-arm64, r-release-windows-x86_64, r-oldrel-macos-arm64, r-oldrel-windows-x86_64
Version: 1.1
Check: whether package can be installed
Result: WARN
Found the following significant warnings:
/home/hornik/tmp/R.check/r-devel-gcc/Work/build/Packages/RcppArmadillo/include/RcppArmadillo/version/arma.h:66:199: note: ‘#pragma message: Using fallback compilation with Armadillo 14.6.3. Please consider defining -DARMA_USE_CURRENT and also removing C++11 compilation directive. See GitHub issue #475 for more.’
See ‘/home/hornik/tmp/R.check/r-devel-gcc/Work/PKGS/pqrfe.Rcheck/00install.out’ for details.
* used C++ compiler: ‘g++-15 (Debian 15.2.0-7) 15.2.0’
Flavor: r-devel-linux-x86_64-debian-gcc