Last updated on 2024-07-27 01:53:20 CEST.
Flavor | Version | Tinstall | Tcheck | Ttotal | Status | Flags |
---|---|---|---|---|---|---|
r-devel-linux-x86_64-debian-clang | 1.1 | 27.80 | 38.67 | 66.47 | NOTE | |
r-devel-linux-x86_64-debian-gcc | 1.1 | 18.87 | 29.15 | 48.02 | NOTE | |
r-devel-linux-x86_64-fedora-clang | 1.1 | 100.57 | NOTE | |||
r-devel-linux-x86_64-fedora-gcc | 1.1 | 96.53 | NOTE | |||
r-devel-windows-x86_64 | 1.1 | 25.00 | 70.00 | 95.00 | NOTE | |
r-patched-linux-x86_64 | 1.1 | NOTE | ||||
r-release-linux-x86_64 | 1.1 | 24.82 | 36.75 | 61.57 | NOTE | |
r-release-macos-arm64 | 1.1 | 27.00 | NOTE | |||
r-release-macos-x86_64 | 1.1 | 41.00 | NOTE | |||
r-release-windows-x86_64 | 1.1 | 29.00 | 71.00 | 100.00 | NOTE | |
r-oldrel-macos-arm64 | 1.1 | 28.00 | NOTE | |||
r-oldrel-macos-x86_64 | 1.1 | 45.00 | NOTE | |||
r-oldrel-windows-x86_64 | 1.1 | 28.00 | 82.00 | 110.00 | NOTE |
Version: 1.1
Check: C++ specification
Result: NOTE
Specified C++11: please drop specification unless essential
Flavors: r-devel-linux-x86_64-debian-clang, r-devel-linux-x86_64-debian-gcc, r-devel-linux-x86_64-fedora-clang, r-devel-linux-x86_64-fedora-gcc, r-devel-windows-x86_64, r-patched-linux-x86_64, r-release-linux-x86_64, r-release-macos-arm64, r-release-macos-x86_64, r-release-windows-x86_64, r-oldrel-macos-arm64, r-oldrel-macos-x86_64, r-oldrel-windows-x86_64