Last updated on 2025-05-05 01:50:56 CEST.
Flavor | Version | Tinstall | Tcheck | Ttotal | Status | Flags |
---|---|---|---|---|---|---|
r-devel-linux-x86_64-debian-clang | 0.2.1 | 5.27 | 56.65 | 61.92 | OK | |
r-devel-linux-x86_64-debian-gcc | 0.2.1 | 3.60 | 40.94 | 44.54 | OK | |
r-devel-linux-x86_64-fedora-clang | 0.2.1 | 87.29 | NOTE | |||
r-devel-linux-x86_64-fedora-gcc | 0.2.1 | 104.93 | NOTE | |||
r-devel-windows-x86_64 | 0.2.1 | 6.00 | 68.00 | 74.00 | OK | |
r-patched-linux-x86_64 | 0.2.1 | 4.41 | 52.33 | 56.74 | OK | |
r-release-linux-x86_64 | 0.2.1 | 5.39 | 52.12 | 57.51 | OK | |
r-release-macos-arm64 | 0.2.1 | 33.00 | OK | |||
r-release-macos-x86_64 | 0.2.1 | 62.00 | OK | |||
r-release-windows-x86_64 | 0.2.1 | 7.00 | 69.00 | 76.00 | OK | |
r-oldrel-macos-arm64 | 0.2.1 | 34.00 | OK | |||
r-oldrel-macos-x86_64 | 0.2.1 | 48.00 | OK | |||
r-oldrel-windows-x86_64 | 0.2.1 | 10.00 | 83.00 | 93.00 | OK |
Version: 0.2.1
Check: dependencies in R code
Result: NOTE
Namespaces in Imports field not imported from:
‘class’ ‘forcats’ ‘irr’ ‘lpSolve’ ‘purrr’
All declared Imports should be used.
Flavors: r-devel-linux-x86_64-fedora-clang, r-devel-linux-x86_64-fedora-gcc