CRAN Package Check Results for Package predictionInterval

Last updated on 2025-07-24 02:52:21 CEST.

Flavor Version Tinstall Tcheck Ttotal Status Flags
r-devel-linux-x86_64-debian-clang 1.0.0 5.28 44.46 49.74 NOTE
r-devel-linux-x86_64-debian-gcc 1.0.0 3.89 31.01 34.90 NOTE
r-devel-linux-x86_64-fedora-clang 1.0.0 75.58 OK
r-devel-linux-x86_64-fedora-gcc 1.0.0 72.09 OK
r-devel-windows-x86_64 1.0.0 7.00 58.00 65.00 OK
r-patched-linux-x86_64 1.0.0 4.65 40.61 45.26 OK
r-release-linux-x86_64 1.0.0 5.21 40.67 45.88 OK
r-release-macos-arm64 1.0.0 25.00 OK
r-release-macos-x86_64 1.0.0 45.00 OK
r-release-windows-x86_64 1.0.0 6.00 61.00 67.00 OK
r-oldrel-macos-arm64 1.0.0 25.00 OK
r-oldrel-macos-x86_64 1.0.0 33.00 OK
r-oldrel-windows-x86_64 1.0.0 9.00 70.00 79.00 OK

Check Details

Version: 1.0.0
Check: CRAN incoming feasibility
Result: NOTE Maintainer: ‘David Stanley <dstanley@uoguelph.ca>’ No Authors@R field in DESCRIPTION. Please add one, modifying Authors@R: person(given = "David", family = "Stanley", role = c("aut", "cre"), email = "dstanley@uoguelph.ca") as necessary. Flavors: r-devel-linux-x86_64-debian-clang, r-devel-linux-x86_64-debian-gcc