Last updated on 2025-02-16 01:49:50 CET.
Flavor | Version | Tinstall | Tcheck | Ttotal | Status | Flags |
---|---|---|---|---|---|---|
r-devel-linux-x86_64-debian-clang | 2.0.1 | 13.74 | 39.49 | 53.23 | OK | |
r-devel-linux-x86_64-debian-gcc | 2.0.1 | 12.48 | 31.44 | 43.92 | OK | |
r-devel-linux-x86_64-fedora-clang | 2.0.1 | 85.36 | OK | |||
r-devel-linux-x86_64-fedora-gcc | 2.0.1 | 95.76 | OK | |||
r-devel-macos-arm64 | 2.0.1 | 50.00 | OK | |||
r-devel-macos-x86_64 | 2.0.1 | 77.00 | OK | |||
r-devel-windows-x86_64 | 2.0.1 | 16.00 | 66.00 | 82.00 | OK | |
r-patched-linux-x86_64 | 2.0.1 | 16.36 | 39.04 | 55.40 | OK | |
r-release-linux-x86_64 | 2.0.1 | 15.02 | 38.90 | 53.92 | OK | |
r-release-macos-arm64 | 2.0.1 | 44.00 | NOTE | |||
r-release-macos-x86_64 | 2.0.1 | 60.00 | NOTE | |||
r-release-windows-x86_64 | 2.0.1 | 17.00 | 63.00 | 80.00 | OK | |
r-oldrel-macos-arm64 | 2.0.1 | 37.00 | NOTE | |||
r-oldrel-macos-x86_64 | 2.0.1 | 87.00 | NOTE | |||
r-oldrel-windows-x86_64 | 2.0.1 | 21.00 | 83.00 | 104.00 | OK |
Version: 2.0.1
Check: installed package size
Result: NOTE
installed size is 5.9Mb
sub-directories of 1Mb or more:
R 3.0Mb
data 2.8Mb
Flavors: r-release-macos-arm64, r-release-macos-x86_64, r-oldrel-macos-arm64, r-oldrel-macos-x86_64