Last updated on 2024-07-27 01:53:20 CEST.
Flavor | Version | Tinstall | Tcheck | Ttotal | Status | Flags |
---|---|---|---|---|---|---|
r-devel-linux-x86_64-debian-clang | 0.8-36 | 12.40 | 112.22 | 124.62 | OK | |
r-devel-linux-x86_64-debian-gcc | 0.8-36 | 11.54 | 82.18 | 93.72 | NOTE | |
r-devel-linux-x86_64-fedora-clang | 0.8-36 | 154.98 | OK | |||
r-devel-linux-x86_64-fedora-gcc | 0.8-36 | 160.28 | OK | |||
r-devel-windows-x86_64 | 0.8-36 | 16.00 | 105.00 | 121.00 | NOTE | |
r-patched-linux-x86_64 | 0.8-36 | OK | ||||
r-release-linux-x86_64 | 0.8-36 | 13.50 | 106.05 | 119.55 | OK | |
r-release-macos-arm64 | 0.8-36 | 41.00 | OK | |||
r-release-macos-x86_64 | 0.8-36 | 79.00 | OK | |||
r-release-windows-x86_64 | 0.8-36 | 15.00 | 102.00 | 117.00 | OK | |
r-oldrel-macos-arm64 | 0.8-36 | 50.00 | OK | |||
r-oldrel-macos-x86_64 | 0.8-36 | 132.00 | OK | |||
r-oldrel-windows-x86_64 | 0.8-36 | 16.00 | 124.00 | 140.00 | OK |
Version: 0.8-36
Check: Rd cross-references
Result: NOTE
Found the following Rd file(s) with Rd \link{} targets missing package
anchors:
llbt.worth.Rd: gnm
Please provide package anchors for all Rd \link{} targets not in the
package itself and the base packages.
Flavors: r-devel-linux-x86_64-debian-gcc, r-devel-windows-x86_64