Last updated on 2025-05-06 02:50:28 CEST.
Flavor | Version | Tinstall | Tcheck | Ttotal | Status | Flags |
---|---|---|---|---|---|---|
r-devel-linux-x86_64-debian-clang | 1.0.2 | 1.47 | 15.80 | 17.27 | NOTE | |
r-devel-linux-x86_64-debian-gcc | 1.0.2 | 1.31 | 13.12 | 14.43 | NOTE | |
r-devel-linux-x86_64-fedora-clang | 1.0.2 | 27.06 | OK | |||
r-devel-linux-x86_64-fedora-gcc | 1.0.2 | 25.66 | OK | |||
r-devel-windows-x86_64 | 1.0.2 | 3.00 | 35.00 | 38.00 | OK | |
r-patched-linux-x86_64 | 1.0.2 | 1.64 | 15.29 | 16.93 | OK | |
r-release-linux-x86_64 | 1.0.2 | 1.64 | 15.25 | 16.89 | OK | |
r-release-macos-arm64 | 1.0.2 | 14.00 | OK | |||
r-release-macos-x86_64 | 1.0.2 | 22.00 | OK | |||
r-release-windows-x86_64 | 1.0.2 | 2.00 | 37.00 | 39.00 | OK | |
r-oldrel-macos-arm64 | 1.0.2 | 14.00 | NOTE | |||
r-oldrel-macos-x86_64 | 1.0.2 | 21.00 | NOTE | |||
r-oldrel-windows-x86_64 | 1.0.2 | 2.00 | 35.00 | 37.00 | NOTE |
Version: 1.0.2
Check: CRAN incoming feasibility
Result: NOTE
Maintainer: ‘Prithul Chaturvedi <prithulc@gmail.com>’
No Authors@R field in DESCRIPTION.
Please add one, modifying
Authors@R: person(given = "Prithul",
family = "Chaturvedi",
role = c("aut", "cre"),
email = "prithulc@gmail.com")
as necessary.
Flavors: r-devel-linux-x86_64-debian-clang, r-devel-linux-x86_64-debian-gcc
Version: 1.0.2
Check: LazyData
Result: NOTE
'LazyData' is specified without a 'data' directory
Flavors: r-oldrel-macos-arm64, r-oldrel-macos-x86_64, r-oldrel-windows-x86_64