Last updated on 2025-05-07 01:50:07 CEST.
Flavor | Version | Tinstall | Tcheck | Ttotal | Status | Flags |
---|---|---|---|---|---|---|
r-devel-linux-x86_64-debian-clang | 0.14 | 1.64 | 17.27 | 18.91 | NOTE | |
r-devel-linux-x86_64-debian-gcc | 0.14 | 1.51 | 14.13 | 15.64 | NOTE | |
r-devel-linux-x86_64-fedora-clang | 0.14 | 29.53 | OK | |||
r-devel-linux-x86_64-fedora-gcc | 0.14 | 28.10 | OK | |||
r-devel-windows-x86_64 | 0.14 | 3.00 | 39.00 | 42.00 | OK | |
r-patched-linux-x86_64 | 0.14 | 1.88 | 16.53 | 18.41 | OK | |
r-release-linux-x86_64 | 0.14 | 1.64 | 16.74 | 18.38 | OK | |
r-release-macos-arm64 | 0.14 | 18.00 | OK | |||
r-release-macos-x86_64 | 0.14 | 30.00 | OK | |||
r-release-windows-x86_64 | 0.14 | 2.00 | 41.00 | 43.00 | OK | |
r-oldrel-macos-arm64 | 0.14 | 17.00 | NOTE | |||
r-oldrel-macos-x86_64 | 0.14 | 24.00 | NOTE | |||
r-oldrel-windows-x86_64 | 0.14 | 2.00 | 38.00 | 40.00 | NOTE |
Version: 0.14
Check: CRAN incoming feasibility
Result: NOTE
Maintainer: ‘Rishabh Gupta <rishabh.uk@gmail.com>’
No Authors@R field in DESCRIPTION.
Please add one, modifying
Authors@R: c(person(given = "Rishabh",
family = "Gupta",
role = c("aut", "cre"),
email = "rishabh.uk@gmail.com"),
person(given = c("Nicholas", "J."),
family = "Matzke",
role = "aut"))
as necessary.
Flavors: r-devel-linux-x86_64-debian-clang, r-devel-linux-x86_64-debian-gcc
Version: 0.14
Check: LazyData
Result: NOTE
'LazyData' is specified without a 'data' directory
Flavors: r-oldrel-macos-arm64, r-oldrel-macos-x86_64, r-oldrel-windows-x86_64