Last updated on 2024-07-27 01:53:20 CEST.
Flavor | Version | Tinstall | Tcheck | Ttotal | Status | Flags |
---|---|---|---|---|---|---|
r-devel-linux-x86_64-debian-clang | 1.1.0 | 10.41 | 68.88 | 79.29 | NOTE | |
r-devel-linux-x86_64-debian-gcc | 1.1.0 | 9.16 | 49.07 | 58.23 | NOTE | |
r-devel-linux-x86_64-fedora-clang | 1.1.0 | 105.23 | NOTE | |||
r-devel-linux-x86_64-fedora-gcc | 1.1.0 | 95.43 | NOTE | |||
r-devel-windows-x86_64 | 1.1.0 | 11.00 | 65.00 | 76.00 | NOTE | |
r-patched-linux-x86_64 | 1.1.0 | NOTE | ||||
r-release-linux-x86_64 | 1.1.0 | 10.14 | 67.43 | 77.57 | NOTE | |
r-release-macos-arm64 | 1.1.0 | 26.00 | NOTE | |||
r-release-macos-x86_64 | 1.1.0 | 41.00 | NOTE | |||
r-release-windows-x86_64 | 1.1.0 | 11.00 | 64.00 | 75.00 | NOTE | |
r-oldrel-macos-arm64 | 1.1.0 | 27.00 | OK | |||
r-oldrel-macos-x86_64 | 1.1.0 | 44.00 | OK | |||
r-oldrel-windows-x86_64 | 1.1.0 | 13.00 | 71.00 | 84.00 | OK |
Version: 1.1.0
Check: Rd files
Result: NOTE
checkRd: (-1) paasche.Rd:91: Lost braces
91 | \code{OSME} \tab Output-oriented scale-mix efficiency score \emph{(code{orientation = "out"})}\cr
| ^
Flavors: r-devel-linux-x86_64-debian-clang, r-devel-linux-x86_64-debian-gcc, r-devel-linux-x86_64-fedora-clang, r-devel-linux-x86_64-fedora-gcc, r-devel-windows-x86_64, r-patched-linux-x86_64, r-release-linux-x86_64, r-release-macos-arm64, r-release-macos-x86_64, r-release-windows-x86_64