Last updated on 2024-07-27 01:53:20 CEST.
Flavor | Version | Tinstall | Tcheck | Ttotal | Status | Flags |
---|---|---|---|---|---|---|
r-devel-linux-x86_64-debian-clang | 2.8.0 | 42.92 | 406.17 | 449.09 | NOTE | |
r-devel-linux-x86_64-debian-gcc | 2.8.0 | 30.89 | 284.47 | 315.36 | NOTE | |
r-devel-linux-x86_64-fedora-clang | 2.8.0 | 565.98 | NOTE | |||
r-devel-linux-x86_64-fedora-gcc | 2.8.0 | 519.97 | NOTE | |||
r-devel-windows-x86_64 | 2.8.0 | 39.00 | 298.00 | 337.00 | NOTE | |
r-patched-linux-x86_64 | 2.8.0 | NOTE | ||||
r-release-linux-x86_64 | 2.8.0 | 39.86 | 385.21 | 425.07 | NOTE | |
r-release-macos-arm64 | 2.8.0 | 130.00 | NOTE | |||
r-release-macos-x86_64 | 2.8.0 | 266.00 | NOTE | |||
r-release-windows-x86_64 | 2.8.0 | 45.00 | 295.00 | 340.00 | NOTE | |
r-oldrel-macos-arm64 | 2.8.0 | 133.00 | NOTE | |||
r-oldrel-macos-x86_64 | 2.8.0 | 295.00 | NOTE | |||
r-oldrel-windows-x86_64 | 2.8.0 | 49.00 | 389.00 | 438.00 | NOTE |
Version: 2.8.0
Check: package dependencies
Result: NOTE
Package suggested but not available for checking: ‘cmdstanr’
Flavors: r-devel-linux-x86_64-debian-clang, r-devel-linux-x86_64-debian-gcc, r-devel-linux-x86_64-fedora-clang, r-devel-linux-x86_64-fedora-gcc, r-patched-linux-x86_64, r-release-linux-x86_64, r-release-macos-arm64, r-release-macos-x86_64, r-oldrel-macos-arm64, r-oldrel-macos-x86_64
Version: 2.8.0
Check: package dependencies
Result: NOTE
Packages suggested but not available for checking: 'unix', 'cmdstanr'
Flavors: r-devel-windows-x86_64, r-release-windows-x86_64, r-oldrel-windows-x86_64
Version: 2.8.0
Check: installed package size
Result: NOTE
installed size is 5.0Mb
sub-directories of 1Mb or more:
doc 1.4Mb
libs 2.6Mb
Flavor: r-oldrel-macos-x86_64