Last updated on 2025-05-07 01:50:07 CEST.
Flavor | Version | Tinstall | Tcheck | Ttotal | Status | Flags |
---|---|---|---|---|---|---|
r-devel-linux-x86_64-debian-clang | 1.2 | 4.28 | 27.74 | 32.02 | NOTE | |
r-devel-linux-x86_64-debian-gcc | 1.2 | 2.77 | 20.41 | 23.18 | NOTE | |
r-devel-linux-x86_64-fedora-clang | 1.2 | 50.44 | OK | |||
r-devel-linux-x86_64-fedora-gcc | 1.2 | 48.05 | OK | |||
r-devel-windows-x86_64 | 1.2 | 5.00 | 52.00 | 57.00 | OK | |
r-patched-linux-x86_64 | 1.2 | 3.87 | 26.67 | 30.54 | OK | |
r-release-linux-x86_64 | 1.2 | 3.71 | 26.42 | 30.13 | OK | |
r-release-macos-arm64 | 1.2 | 19.00 | OK | |||
r-release-macos-x86_64 | 1.2 | 32.00 | OK | |||
r-release-windows-x86_64 | 1.2 | 5.00 | 55.00 | 60.00 | OK | |
r-oldrel-macos-arm64 | 1.2 | 19.00 | OK | |||
r-oldrel-macos-x86_64 | 1.2 | 26.00 | OK | |||
r-oldrel-windows-x86_64 | 1.2 | 4.00 | 50.00 | 54.00 | OK |
Version: 1.2
Check: CRAN incoming feasibility
Result: NOTE
Maintainer: ‘Maria Alvarez <maria.alvarez@uvigo.es>’
No Authors@R field in DESCRIPTION.
Please add one, modifying
Authors@R: c(person(given = "Maria",
family = "Alvarez",
role = c("aut", "cre"),
email = "maria.alvarez@uvigo.es"),
person(given = "Javier",
family = "Roca-Pardinas",
role = "aut"))
as necessary.
Flavors: r-devel-linux-x86_64-debian-clang, r-devel-linux-x86_64-debian-gcc