Last updated on 2025-05-05 01:50:57 CEST.
Flavor | Version | Tinstall | Tcheck | Ttotal | Status | Flags |
---|---|---|---|---|---|---|
r-devel-linux-x86_64-debian-clang | 0.0-9 | 1.30 | 16.91 | 18.21 | NOTE | |
r-devel-linux-x86_64-debian-gcc | 0.0-9 | 1.31 | 13.88 | 15.19 | NOTE | |
r-devel-linux-x86_64-fedora-clang | 0.0-9 | 28.73 | OK | |||
r-devel-linux-x86_64-fedora-gcc | 0.0-9 | 27.26 | OK | |||
r-devel-windows-x86_64 | 0.0-9 | 3.00 | 34.00 | 37.00 | OK | |
r-patched-linux-x86_64 | 0.0-9 | 1.62 | 16.12 | 17.74 | OK | |
r-release-linux-x86_64 | 0.0-9 | 1.55 | 16.10 | 17.65 | OK | |
r-release-macos-arm64 | 0.0-9 | 16.00 | OK | |||
r-release-macos-x86_64 | 0.0-9 | 22.00 | OK | |||
r-release-windows-x86_64 | 0.0-9 | 3.00 | 38.00 | 41.00 | OK | |
r-oldrel-macos-arm64 | 0.0-9 | 13.00 | OK | |||
r-oldrel-macos-x86_64 | 0.0-9 | 19.00 | OK | |||
r-oldrel-windows-x86_64 | 0.0-9 | 2.00 | 34.00 | 36.00 | OK |
Version: 0.0-9
Check: CRAN incoming feasibility
Result: NOTE
Maintainer: ‘Daan Seynaeve <daan.seynaeve@openanalytics.eu>’
No Authors@R field in DESCRIPTION.
Please add one, modifying
Authors@R: c(person(given = "Tobias",
family = "Verbeke",
role = "aut"),
person(given = "Daan",
family = "Seynaeve",
role = c("aut", "cre"),
email = "daan.seynaeve@openanalytics.eu"),
person(given = c("based", "on", "read.dcf", "by", "R", "Core", "Development"),
family = "Team",
role = "aut"))
as necessary.
Flavors: r-devel-linux-x86_64-debian-clang, r-devel-linux-x86_64-debian-gcc