Last updated on 2025-10-25 01:51:13 CEST.
| Flavor | Version | Tinstall | Tcheck | Ttotal | Status | Flags |
|---|---|---|---|---|---|---|
| r-devel-linux-x86_64-debian-clang | 1.1.0 | 1063.74 | 253.15 | 1316.89 | OK | |
| r-devel-linux-x86_64-debian-gcc | 1.1.0 | 996.30 | 255.87 | 1252.17 | OK | |
| r-devel-linux-x86_64-fedora-clang | 1.1.0 | 2940.00 | -778.15 | 2161.85 | NOTE | |
| r-devel-linux-x86_64-fedora-gcc | 1.1.0 | 4380.00 | -1389.61 | 2990.39 | NOTE | |
| r-devel-windows-x86_64 | 1.1.0 | 1269.00 | 354.00 | 1623.00 | OK | |
| r-patched-linux-x86_64 | 1.1.0 | 1362.60 | 365.32 | 1727.92 | OK | |
| r-release-linux-x86_64 | 1.1.0 | 1317.73 | 363.86 | 1681.59 | OK | |
| r-release-macos-arm64 | 1.1.0 | 446.00 | 82.00 | 528.00 | OK | |
| r-release-macos-x86_64 | 1.1.0 | 439.00 | 277.00 | 716.00 | OK | |
| r-release-windows-x86_64 | 1.1.0 | 1243.00 | 357.00 | 1600.00 | OK | |
| r-oldrel-macos-arm64 | 1.1.0 | 235.00 | 52.00 | 287.00 | NOTE | |
| r-oldrel-macos-x86_64 | 1.1.0 | 148.00 | 91.00 | 239.00 | NOTE | |
| r-oldrel-windows-x86_64 | 1.1.0 | 1392.00 | 461.00 | 1853.00 | NOTE |
Version: 1.1.0
Check: dependencies in R code
Result: NOTE
Namespaces in Imports field not imported from:
‘RcppParallel’ ‘rstantools’
All declared Imports should be used.
Flavors: r-devel-linux-x86_64-fedora-clang, r-devel-linux-x86_64-fedora-gcc
Version: 1.1.0
Check: installed package size
Result: NOTE
installed size is 136.3Mb
sub-directories of 1Mb or more:
libs 135.8Mb
Flavors: r-oldrel-macos-arm64, r-oldrel-macos-x86_64, r-oldrel-windows-x86_64
Version: 1.1.0
Check: for GNU extensions in Makefiles
Result: NOTE
GNU make is a SystemRequirements.
Flavors: r-oldrel-macos-arm64, r-oldrel-macos-x86_64, r-oldrel-windows-x86_64