Last updated on 2025-05-07 01:50:08 CEST.
Flavor | Version | Tinstall | Tcheck | Ttotal | Status | Flags |
---|---|---|---|---|---|---|
r-devel-linux-x86_64-debian-clang | 0.1.3 | 52.41 | 419.23 | 471.64 | NOTE | |
r-devel-linux-x86_64-debian-gcc | 0.1.3 | 39.43 | 312.31 | 351.74 | NOTE | |
r-devel-linux-x86_64-fedora-clang | 0.1.3 | 811.50 | OK | |||
r-devel-linux-x86_64-fedora-gcc | 0.1.3 | 736.18 | OK | |||
r-devel-windows-x86_64 | 0.1.3 | 56.00 | 345.00 | 401.00 | OK | |
r-patched-linux-x86_64 | 0.1.3 | 49.46 | 398.52 | 447.98 | OK | |
r-release-linux-x86_64 | 0.1.3 | 46.45 | 393.17 | 439.62 | OK | |
r-release-macos-arm64 | 0.1.3 | 210.00 | OK | |||
r-release-macos-x86_64 | 0.1.3 | 355.00 | OK | |||
r-release-windows-x86_64 | 0.1.3 | 55.00 | 343.00 | 398.00 | OK | |
r-oldrel-macos-arm64 | 0.1.3 | 180.00 | OK | |||
r-oldrel-macos-x86_64 | 0.1.3 | 278.00 | OK | |||
r-oldrel-windows-x86_64 | 0.1.3 | 69.00 | 438.00 | 507.00 | OK |
Version: 0.1.3
Check: CRAN incoming feasibility
Result: NOTE
Maintainer: ‘Junwei Han <hanjunwei1981@163.com>’
No Authors@R field in DESCRIPTION.
Please add one, modifying
Authors@R: c(person(given = "Xudong",
family = "Han",
role = "aut"),
person(given = "Junwei",
family = "Han",
role = c("aut", "cre"),
email = "hanjunwei1981@163.com"),
person(given = "Qing",
family = "Fei",
role = "aut"))
as necessary.
Flavors: r-devel-linux-x86_64-debian-clang, r-devel-linux-x86_64-debian-gcc