Last updated on 2024-07-27 01:53:20 CEST.
Flavor | Version | Tinstall | Tcheck | Ttotal | Status | Flags |
---|---|---|---|---|---|---|
r-devel-linux-x86_64-debian-clang | 0.16-1 | 10.21 | 617.84 | 628.05 | OK | |
r-devel-linux-x86_64-debian-gcc | 0.16-1 | 7.75 | 426.65 | 434.40 | NOTE | |
r-devel-linux-x86_64-fedora-clang | 0.16-1 | 766.20 | OK | |||
r-devel-linux-x86_64-fedora-gcc | 0.16-1 | 707.27 | OK | |||
r-devel-windows-x86_64 | 0.16-1 | 9.00 | 433.00 | 442.00 | NOTE | |
r-patched-linux-x86_64 | 0.16-1 | OK | ||||
r-release-linux-x86_64 | 0.16-1 | 7.89 | 575.80 | 583.69 | OK | |
r-release-macos-arm64 | 0.16-1 | 182.00 | OK | |||
r-release-macos-x86_64 | 0.16-1 | 305.00 | OK | |||
r-release-windows-x86_64 | 0.16-1 | 9.00 | 428.00 | 437.00 | OK | |
r-oldrel-macos-arm64 | 0.16-1 | 169.00 | OK | |||
r-oldrel-macos-x86_64 | 0.16-1 | 464.00 | OK | |||
r-oldrel-windows-x86_64 | 0.16-1 | 11.00 | 533.00 | 544.00 | OK |
Version: 0.16-1
Check: Rd cross-references
Result: NOTE
Found the following Rd file(s) with Rd \link{} targets missing package
anchors:
CEMSChoice.Rd: paircomp
EuropeanValuesStudy.Rd: paircomp
Topmodel2007.Rd: paircomp
Please provide package anchors for all Rd \link{} targets not in the
package itself and the base packages.
Flavors: r-devel-linux-x86_64-debian-gcc, r-devel-windows-x86_64