CRAN Package Check Results for Package psymetadata

Last updated on 2025-05-06 02:50:28 CEST.

Flavor Version Tinstall Tcheck Ttotal Status Flags
r-devel-linux-x86_64-debian-clang 1.0.1 2.02 21.69 23.71 OK
r-devel-linux-x86_64-debian-gcc 1.0.1 1.43 17.71 19.14 OK
r-devel-linux-x86_64-fedora-clang 1.0.1 35.28 NOTE
r-devel-linux-x86_64-fedora-gcc 1.0.1 33.73 NOTE
r-devel-windows-x86_64 1.0.1 3.00 44.00 47.00 OK
r-patched-linux-x86_64 1.0.1 2.07 19.96 22.03 OK
r-release-linux-x86_64 1.0.1 1.53 19.84 21.37 OK
r-release-macos-arm64 1.0.1 17.00 OK
r-release-macos-x86_64 1.0.1 38.00 OK
r-release-windows-x86_64 1.0.1 4.00 45.00 49.00 OK
r-oldrel-macos-arm64 1.0.1 16.00 OK
r-oldrel-macos-x86_64 1.0.1 23.00 OK
r-oldrel-windows-x86_64 1.0.1 4.00 50.00 54.00 OK

Check Details

Version: 1.0.1
Check: dependencies in R code
Result: NOTE Namespace in Imports field not imported from: ‘Rdpack’ All declared Imports should be used. Flavors: r-devel-linux-x86_64-fedora-clang, r-devel-linux-x86_64-fedora-gcc