Last updated on 2025-11-16 01:49:26 CET.
| Flavor | Version | Tinstall | Tcheck | Ttotal | Status | Flags |
|---|---|---|---|---|---|---|
| r-devel-linux-x86_64-debian-clang | 1.0.0 | 1.56 | 18.43 | 19.99 | NOTE | |
| r-devel-linux-x86_64-debian-gcc | 1.0.0 | 1.42 | 15.64 | 17.06 | NOTE | |
| r-devel-linux-x86_64-fedora-clang | 1.0.0 | 29.73 | OK | |||
| r-devel-linux-x86_64-fedora-gcc | 1.0.0 | 28.90 | OK | |||
| r-devel-windows-x86_64 | 1.0.0 | 5.00 | 49.00 | 54.00 | OK | |
| r-patched-linux-x86_64 | 1.0.0 | 1.60 | 17.55 | 19.15 | OK | |
| r-release-linux-x86_64 | 1.0.0 | 1.54 | 17.47 | 19.01 | OK | |
| r-release-macos-arm64 | 1.0.0 | 1.00 | 15.00 | 16.00 | OK | |
| r-release-macos-x86_64 | 1.0.0 | 2.00 | 27.00 | 29.00 | OK | |
| r-release-windows-x86_64 | 1.0.0 | 4.00 | 38.00 | 42.00 | OK | |
| r-oldrel-macos-arm64 | 1.0.0 | 1.00 | 14.00 | 15.00 | NOTE | |
| r-oldrel-macos-x86_64 | 1.0.0 | 2.00 | 18.00 | 20.00 | NOTE | |
| r-oldrel-windows-x86_64 | 1.0.0 | 2.00 | 42.00 | 44.00 | NOTE |
Version: 1.0.0
Check: CRAN incoming feasibility
Result: NOTE
Maintainer: ‘Philip D. Waggoner <philip.waggoner@gmail.com>’
No Authors@R field in DESCRIPTION.
Please add one, modifying
Authors@R: person(given = c("Philip", "D."),
family = "Waggoner",
role = c("aut", "cre"),
email = "philip.waggoner@gmail.com")
as necessary.
Flavors: r-devel-linux-x86_64-debian-clang, r-devel-linux-x86_64-debian-gcc
Version: 1.0.0
Check: LazyData
Result: NOTE
'LazyData' is specified without a 'data' directory
Flavors: r-oldrel-macos-arm64, r-oldrel-macos-x86_64, r-oldrel-windows-x86_64