CRAN Package Check Results for Package pwr2

Last updated on 2025-05-11 01:49:43 CEST.

Flavor Version Tinstall Tcheck Ttotal Status Flags
r-devel-linux-x86_64-debian-clang 1.0 1.90 18.08 19.98 NOTE
r-devel-linux-x86_64-debian-gcc 1.0 1.52 14.86 16.38 NOTE
r-devel-linux-x86_64-fedora-clang 1.0 31.67 OK
r-devel-linux-x86_64-fedora-gcc 1.0 30.40 OK
r-devel-windows-x86_64 1.0 2.00 36.00 38.00 OK
r-patched-linux-x86_64 1.0 1.78 17.26 19.04 OK
r-release-linux-x86_64 1.0 1.82 17.54 19.36 OK
r-release-macos-arm64 1.0 15.00 OK
r-release-macos-x86_64 1.0 32.00 OK
r-release-windows-x86_64 1.0 4.00 38.00 42.00 OK
r-oldrel-macos-arm64 1.0 16.00 OK
r-oldrel-macos-x86_64 1.0 19.00 OK
r-oldrel-windows-x86_64 1.0 3.00 36.00 39.00 OK

Check Details

Version: 1.0
Check: CRAN incoming feasibility
Result: NOTE Maintainer: ‘Pengcheng Lu <plu2@kumc.edu>’ No Authors@R field in DESCRIPTION. Please add one, modifying Authors@R: c(person(given = "Pengcheng", family = "Lu", role = c("aut", "cre"), email = "plu2@kumc.edu"), person(given = "Junhao", family = "Liu", role = "aut"), person(given = "Devin", family = "Koestler", role = "aut")) as necessary. Flavors: r-devel-linux-x86_64-debian-clang, r-devel-linux-x86_64-debian-gcc