Last updated on 2025-11-13 02:52:29 CET.
| Flavor | Version | Tinstall | Tcheck | Ttotal | Status | Flags |
|---|---|---|---|---|---|---|
| r-devel-linux-x86_64-debian-clang | 0.5.0 | 15.93 | 104.10 | 120.03 | NOTE | |
| r-devel-linux-x86_64-debian-gcc | 0.5.0 | 9.82 | 69.05 | 78.87 | NOTE | |
| r-devel-linux-x86_64-fedora-clang | 0.5.0 | 62.00 | 139.58 | 201.58 | OK | |
| r-devel-linux-x86_64-fedora-gcc | 0.5.0 | 31.00 | 145.87 | 176.87 | OK | |
| r-devel-windows-x86_64 | 0.5.0 | 16.00 | 116.00 | 132.00 | OK | |
| r-patched-linux-x86_64 | 0.5.0 | 14.06 | 98.35 | 112.41 | OK | |
| r-release-linux-x86_64 | 0.5.0 | 11.90 | 98.94 | 110.84 | OK | |
| r-release-macos-arm64 | 0.5.0 | 6.00 | 41.00 | 47.00 | OK | |
| r-release-macos-x86_64 | 0.5.0 | 13.00 | 73.00 | 86.00 | OK | |
| r-release-windows-x86_64 | 0.5.0 | 15.00 | 124.00 | 139.00 | OK | |
| r-oldrel-macos-arm64 | 0.5.0 | 6.00 | 40.00 | 46.00 | OK | |
| r-oldrel-macos-x86_64 | 0.5.0 | 10.00 | 62.00 | 72.00 | OK | |
| r-oldrel-windows-x86_64 | 0.5.0 | 2.00 | 9.00 | 11.00 | ERROR |
Version: 0.5.0
Check: CRAN incoming feasibility
Result: NOTE
Maintainer: ‘Chris Aberson <chris.aberson@gmail.com>’
No Authors@R field in DESCRIPTION.
Please add one, modifying
Authors@R: person(given = "Chris",
family = "Aberson",
role = c("aut", "cre"),
email = "chris.aberson@gmail.com")
as necessary.
Flavors: r-devel-linux-x86_64-debian-clang, r-devel-linux-x86_64-debian-gcc
Version: 0.5.0
Check: package dependencies
Result: ERROR
Package required but not available: 'MBESS'
See section 'The DESCRIPTION file' in the 'Writing R Extensions'
manual.
Flavor: r-oldrel-windows-x86_64