Last updated on 2024-07-27 01:53:20 CEST.
Flavor | Version | Tinstall | Tcheck | Ttotal | Status | Flags |
---|---|---|---|---|---|---|
r-devel-linux-x86_64-debian-clang | 7.1-1 | 8.19 | 24.62 | 32.81 | OK | |
r-devel-linux-x86_64-debian-gcc | 7.1-1 | 7.83 | 19.49 | 27.32 | OK | |
r-devel-linux-x86_64-fedora-clang | 7.1-1 | 45.22 | NOTE | |||
r-devel-linux-x86_64-fedora-gcc | 7.1-1 | 42.49 | OK | |||
r-devel-windows-x86_64 | 7.1-1 | 10.00 | 45.00 | 55.00 | NOTE | |
r-patched-linux-x86_64 | 7.1-1 | OK | ||||
r-release-linux-x86_64 | 7.1-1 | 8.72 | 23.82 | 32.54 | OK | |
r-release-macos-arm64 | 7.1-1 | 21.00 | NOTE | |||
r-release-macos-x86_64 | 7.1-1 | 28.00 | NOTE | |||
r-release-windows-x86_64 | 7.1-1 | 9.00 | 45.00 | 54.00 | NOTE | |
r-oldrel-macos-arm64 | 7.1-1 | 21.00 | NOTE | |||
r-oldrel-macos-x86_64 | 7.1-1 | 31.00 | NOTE | |||
r-oldrel-windows-x86_64 | 7.1-1 | 10.00 | 43.00 | 53.00 | NOTE |
Version: 7.1-1
Check: installed package size
Result: NOTE
installed size is 7.3Mb
sub-directories of 1Mb or more:
data 7.2Mb
Flavors: r-devel-linux-x86_64-fedora-clang, r-devel-windows-x86_64, r-release-macos-arm64, r-release-macos-x86_64, r-release-windows-x86_64, r-oldrel-macos-arm64, r-oldrel-macos-x86_64, r-oldrel-windows-x86_64