Last updated on 2024-07-27 01:53:20 CEST.
Flavor | Version | Tinstall | Tcheck | Ttotal | Status | Flags |
---|---|---|---|---|---|---|
r-devel-linux-x86_64-debian-clang | 0.4.0 | 7.44 | 100.54 | 107.98 | NOTE | |
r-devel-linux-x86_64-debian-gcc | 0.4.0 | 5.57 | 75.78 | 81.35 | NOTE | |
r-devel-linux-x86_64-fedora-clang | 0.4.0 | 136.65 | NOTE | |||
r-devel-linux-x86_64-fedora-gcc | 0.4.0 | 139.88 | NOTE | |||
r-devel-windows-x86_64 | 0.4.0 | 7.00 | 99.00 | 106.00 | NOTE | |
r-patched-linux-x86_64 | 0.4.0 | NOTE | ||||
r-release-linux-x86_64 | 0.4.0 | 6.01 | 97.90 | 103.91 | NOTE | |
r-release-macos-arm64 | 0.4.0 | 57.00 | NOTE | |||
r-release-macos-x86_64 | 0.4.0 | 143.00 | NOTE | |||
r-release-windows-x86_64 | 0.4.0 | 7.00 | 96.00 | 103.00 | NOTE | |
r-oldrel-macos-arm64 | 0.4.0 | 65.00 | NOTE | |||
r-oldrel-macos-x86_64 | 0.4.0 | 110.00 | NOTE | |||
r-oldrel-windows-x86_64 | 0.4.0 | 10.00 | 117.00 | 127.00 | NOTE |
Version: 0.4.0
Check: package dependencies
Result: NOTE
Package suggested but not available for checking: ‘spDataLarge’
Flavors: r-devel-linux-x86_64-debian-clang, r-devel-linux-x86_64-debian-gcc, r-devel-linux-x86_64-fedora-clang, r-devel-linux-x86_64-fedora-gcc, r-devel-windows-x86_64, r-patched-linux-x86_64, r-release-linux-x86_64, r-release-macos-arm64, r-release-macos-x86_64, r-release-windows-x86_64, r-oldrel-macos-arm64, r-oldrel-macos-x86_64, r-oldrel-windows-x86_64