Last updated on 2024-07-27 01:53:20 CEST.
Flavor | Version | Tinstall | Tcheck | Ttotal | Status | Flags |
---|---|---|---|---|---|---|
r-devel-linux-x86_64-debian-clang | 0.3 | 38.80 | 400.66 | 439.46 | OK | |
r-devel-linux-x86_64-debian-gcc | 0.3 | 31.70 | 287.43 | 319.13 | NOTE | |
r-devel-linux-x86_64-fedora-clang | 0.3 | 587.57 | NOTE | |||
r-devel-linux-x86_64-fedora-gcc | 0.3 | 504.45 | NOTE | |||
r-devel-windows-x86_64 | 0.3 | 33.00 | 233.00 | 266.00 | NOTE | |
r-patched-linux-x86_64 | 0.3 | OK | ||||
r-release-linux-x86_64 | 0.3 | 35.68 | 378.28 | 413.96 | OK | |
r-release-macos-arm64 | 0.3 | 119.00 | OK | |||
r-release-macos-x86_64 | 0.3 | 360.00 | OK | |||
r-release-windows-x86_64 | 0.3 | 31.00 | 232.00 | 263.00 | OK | |
r-oldrel-macos-arm64 | 0.3 | 133.00 | OK | |||
r-oldrel-macos-x86_64 | 0.3 | 304.00 | OK | |||
r-oldrel-windows-x86_64 | 0.3 | 41.00 | 324.00 | 365.00 | OK |
Version: 0.3
Check: Rd cross-references
Result: NOTE
Found the following Rd file(s) with Rd \link{} targets missing package
anchors:
factorMap.Rd: control
Please provide package anchors for all Rd \link{} targets not in the
package itself and the base packages.
Flavors: r-devel-linux-x86_64-debian-gcc, r-devel-windows-x86_64
Version: 0.3
Check: data for non-ASCII characters
Result: NOTE
Note: found 727 marked UTF-8 strings
Flavors: r-devel-linux-x86_64-fedora-clang, r-devel-linux-x86_64-fedora-gcc