Last updated on 2024-07-27 01:53:20 CEST.
Flavor | Version | Tinstall | Tcheck | Ttotal | Status | Flags |
---|---|---|---|---|---|---|
r-devel-linux-x86_64-debian-clang | 1.2.4 | 20.33 | 189.30 | 209.63 | OK | |
r-devel-linux-x86_64-debian-gcc | 1.2.4 | 13.71 | 145.16 | 158.87 | NOTE | |
r-devel-linux-x86_64-fedora-clang | 1.2.4 | 295.47 | OK | |||
r-devel-linux-x86_64-fedora-gcc | 1.2.4 | 276.77 | OK | |||
r-devel-windows-x86_64 | 1.2.4 | 22.00 | 171.00 | 193.00 | NOTE | |
r-patched-linux-x86_64 | 1.2.4 | OK | ||||
r-release-linux-x86_64 | 1.2.4 | 12.62 | 185.76 | 198.38 | OK | |
r-release-macos-arm64 | 1.2.4 | 79.00 | NOTE | |||
r-release-macos-x86_64 | 1.2.4 | 115.00 | NOTE | |||
r-release-windows-x86_64 | 1.2.4 | 25.00 | 172.00 | 197.00 | NOTE | |
r-oldrel-macos-arm64 | 1.2.4 | 84.00 | NOTE | |||
r-oldrel-macos-x86_64 | 1.2.4 | 143.00 | NOTE | |||
r-oldrel-windows-x86_64 | 1.2.4 | 25.00 | 207.00 | 232.00 | NOTE |
Version: 1.2.4
Check: Rd cross-references
Result: NOTE
Found the following Rd file(s) with Rd \link{} targets missing package
anchors:
ggplot_pxg.Rd: plot_coef
ggplot_scan1.Rd: plot_snpasso
Please provide package anchors for all Rd \link{} targets not in the
package itself and the base packages.
Flavors: r-devel-linux-x86_64-debian-gcc, r-devel-windows-x86_64
Version: 1.2.4
Check: installed package size
Result: NOTE
installed size is 5.5Mb
sub-directories of 1Mb or more:
doc 4.4Mb
Flavors: r-devel-windows-x86_64, r-release-macos-arm64, r-release-macos-x86_64, r-release-windows-x86_64, r-oldrel-macos-arm64, r-oldrel-macos-x86_64, r-oldrel-windows-x86_64