Last updated on 2024-07-27 01:53:20 CEST.
Flavor | Version | Tinstall | Tcheck | Ttotal | Status | Flags |
---|---|---|---|---|---|---|
r-devel-linux-x86_64-debian-clang | 0.94.4 | 25.01 | 154.61 | 179.62 | OK | |
r-devel-linux-x86_64-debian-gcc | 0.94.4 | 17.16 | 117.21 | 134.37 | NOTE | |
r-devel-linux-x86_64-fedora-clang | 0.94.4 | 234.32 | OK | |||
r-devel-linux-x86_64-fedora-gcc | 0.94.4 | 211.41 | OK | |||
r-devel-windows-x86_64 | 0.94.4 | 21.00 | 139.00 | 160.00 | NOTE | |
r-patched-linux-x86_64 | 0.94.4 | OK | ||||
r-release-linux-x86_64 | 0.94.4 | 13.82 | 148.17 | 161.99 | OK | |
r-release-macos-arm64 | 0.94.4 | 63.00 | OK | |||
r-release-macos-x86_64 | 0.94.4 | 93.00 | OK | |||
r-release-windows-x86_64 | 0.94.4 | 26.00 | 139.00 | 165.00 | OK | |
r-oldrel-macos-arm64 | 0.94.4 | 67.00 | OK | |||
r-oldrel-macos-x86_64 | 0.94.4 | 153.00 | OK | |||
r-oldrel-windows-x86_64 | 0.94.4 | 27.00 | 176.00 | 203.00 | OK |
Version: 0.94.4
Check: Rd cross-references
Result: NOTE
Found the following Rd file(s) with Rd \link{} targets missing package
anchors:
as.igraph.Rd: fcm
textplot_network.Rd: fcm, dfm, fcm_select
textplot_wordcloud.Rd: dfm
textplot_xray.Rd: kwic
wordcloud.Rd: dfm
wordcloud_comparison.Rd: dfm
Please provide package anchors for all Rd \link{} targets not in the
package itself and the base packages.
Flavors: r-devel-linux-x86_64-debian-gcc, r-devel-windows-x86_64