Last updated on 2025-10-24 01:50:36 CEST.
| Flavor | Version | Tinstall | Tcheck | Ttotal | Status | Flags |
|---|---|---|---|---|---|---|
| r-devel-linux-x86_64-debian-clang | 1.2-4 | 23.82 | 166.70 | 190.52 | NOTE | |
| r-devel-linux-x86_64-debian-gcc | 1.2-4 | 17.59 | 114.15 | 131.74 | NOTE | |
| r-devel-linux-x86_64-fedora-clang | 1.2-4 | 48.00 | 254.58 | 302.58 | OK | |
| r-devel-linux-x86_64-fedora-gcc | 1.2-4 | 45.00 | 266.14 | 311.14 | OK | |
| r-devel-windows-x86_64 | 1.2-4 | 31.00 | 212.00 | 243.00 | OK | |
| r-patched-linux-x86_64 | 1.2-4 | 25.81 | 158.10 | 183.91 | OK | |
| r-release-linux-x86_64 | 1.2-4 | 24.41 | 157.40 | 181.81 | OK | |
| r-release-macos-arm64 | 1.2-4 | 11.00 | 95.00 | 106.00 | OK | |
| r-release-macos-x86_64 | 1.2-4 | 18.00 | 182.00 | 200.00 | OK | |
| r-release-windows-x86_64 | 1.2-4 | 33.00 | 211.00 | 244.00 | OK | |
| r-oldrel-macos-arm64 | 1.2-4 | 14.00 | 80.00 | 94.00 | OK | |
| r-oldrel-macos-x86_64 | 1.2-4 | 21.00 | 187.00 | 208.00 | OK | |
| r-oldrel-windows-x86_64 | 1.2-4 | 38.00 | 256.00 | 294.00 | OK |
Version: 1.2-4
Check: HTML version of manual
Result: NOTE
Found the following HTML validation problems:
plot-LagOperator.html:89:1 (plot-LagOperator.Rd:39): Warning: missing </ul> before </div>
quantspec-defunct.html:144:1 (quantspec-defunct.Rd:78): Warning: missing </ul> before </div>
Flavor: r-devel-linux-x86_64-debian-clang
Version: 1.2-4
Check: Rd files
Result: NOTE
checkRd: (-1) quantspec-package.Rd:14-20: Only 2 columns allowed in this table (row 1 has 1)
Flavor: r-devel-linux-x86_64-debian-gcc