Last updated on 2025-05-06 02:50:29 CEST.
Flavor | Version | Tinstall | Tcheck | Ttotal | Status | Flags |
---|---|---|---|---|---|---|
r-devel-linux-x86_64-debian-clang | 0.2.12 | 9.07 | 78.48 | 87.55 | NOTE | |
r-devel-linux-x86_64-debian-gcc | 0.2.12 | 6.05 | 52.86 | 58.91 | NOTE | |
r-devel-linux-x86_64-fedora-clang | 0.2.12 | 130.50 | OK | |||
r-devel-linux-x86_64-fedora-gcc | 0.2.12 | 125.23 | OK | |||
r-devel-windows-x86_64 | 0.2.12 | 12.00 | 157.00 | 169.00 | OK | |
r-patched-linux-x86_64 | 0.2.12 | 14.56 | 72.95 | 87.51 | OK | |
r-release-linux-x86_64 | 0.2.12 | 9.06 | 71.37 | 80.43 | OK | |
r-release-macos-arm64 | 0.2.12 | 40.00 | OK | |||
r-release-macos-x86_64 | 0.2.12 | 66.00 | OK | |||
r-release-windows-x86_64 | 0.2.12 | 12.00 | 171.00 | 183.00 | OK | |
r-oldrel-macos-arm64 | 0.2.12 | 35.00 | OK | |||
r-oldrel-macos-x86_64 | 0.2.12 | 53.00 | OK | |||
r-oldrel-windows-x86_64 | 0.2.12 | 12.00 | 140.00 | 152.00 | OK |
Version: 0.2.12
Check: CRAN incoming feasibility
Result: NOTE
Maintainer: ‘Pedro Canadilla <pedro.canadilla@gmail.com>’
No Authors@R field in DESCRIPTION.
Please add one, modifying
Authors@R: person(given = "Pedro",
family = "Canadilla",
role = c("aut", "cre"),
email = "pedro.canadilla@gmail.com")
as necessary.
Flavors: r-devel-linux-x86_64-debian-clang, r-devel-linux-x86_64-debian-gcc