CRAN Package Check Results for Package quickregression

Last updated on 2025-05-05 01:50:58 CEST.

Flavor Version Tinstall Tcheck Ttotal Status Flags
r-devel-linux-x86_64-debian-clang 0.2 1.98 19.65 21.63 OK
r-devel-linux-x86_64-debian-gcc 0.2 1.55 16.16 17.71 OK
r-devel-linux-x86_64-fedora-clang 0.2 34.11 OK
r-devel-linux-x86_64-fedora-gcc 0.2 32.94 OK
r-devel-windows-x86_64 0.2 4.00 41.00 45.00 OK
r-patched-linux-x86_64 0.2 1.98 19.20 21.18 OK
r-release-linux-x86_64 0.2 2.00 19.34 21.34 OK
r-release-macos-arm64 0.2 17.00 OK
r-release-macos-x86_64 0.2 24.00 OK
r-release-windows-x86_64 0.2 4.00 40.00 44.00 OK
r-oldrel-macos-arm64 0.2 16.00 NOTE
r-oldrel-macos-x86_64 0.2 21.00 NOTE
r-oldrel-windows-x86_64 0.2 4.00 45.00 49.00 NOTE

Check Details

Version: 0.2
Check: LazyData
Result: NOTE 'LazyData' is specified without a 'data' directory Flavors: r-oldrel-macos-arm64, r-oldrel-macos-x86_64, r-oldrel-windows-x86_64