Last updated on 2025-11-13 01:50:30 CET.
| Flavor | Version | Tinstall | Tcheck | Ttotal | Status | Flags |
|---|---|---|---|---|---|---|
| r-devel-linux-x86_64-debian-clang | 0.3.8 | 10.29 | 94.13 | 104.42 | OK | |
| r-devel-linux-x86_64-debian-gcc | 0.3.8 | 6.72 | 67.99 | 74.71 | OK | |
| r-devel-linux-x86_64-fedora-clang | 0.3.8 | 21.00 | 139.40 | 160.40 | OK | |
| r-devel-linux-x86_64-fedora-gcc | 0.3.8 | 41.00 | 122.49 | 163.49 | OK | |
| r-devel-windows-x86_64 | 0.3.8 | 14.00 | 98.00 | 112.00 | OK | |
| r-patched-linux-x86_64 | 0.3.8 | 10.58 | 89.97 | 100.55 | OK | |
| r-release-linux-x86_64 | 0.3.8 | 10.02 | 89.55 | 99.57 | OK | |
| r-release-macos-arm64 | 0.3.8 | 4.00 | 38.00 | 42.00 | OK | |
| r-release-macos-x86_64 | 0.3.8 | 9.00 | 91.00 | 100.00 | OK | |
| r-release-windows-x86_64 | 0.3.8 | 12.00 | 95.00 | 107.00 | OK | |
| r-oldrel-macos-arm64 | 0.3.8 | 5.00 | 45.00 | 50.00 | NOTE | |
| r-oldrel-macos-x86_64 | 0.3.8 | 10.00 | 85.00 | 95.00 | NOTE | |
| r-oldrel-windows-x86_64 | 0.3.8 | 16.00 | 130.00 | 146.00 | NOTE |
Version: 0.3.8
Check: package dependencies
Result: NOTE
Package suggested but not available for checking: ‘bootmlm’
Flavors: r-oldrel-macos-arm64, r-oldrel-macos-x86_64, r-oldrel-windows-x86_64