CRAN Package Check Results for Package r3js

Last updated on 2025-07-17 02:49:34 CEST.

Flavor Version Tinstall Tcheck Ttotal Status Flags
r-devel-linux-x86_64-debian-clang 0.0.2 4.13 136.22 140.35 NOTE
r-devel-linux-x86_64-debian-gcc 0.0.2 3.08 86.22 89.30 NOTE
r-devel-linux-x86_64-fedora-clang 0.0.2 215.49 OK
r-devel-linux-x86_64-fedora-gcc 0.0.2 216.33 OK
r-devel-windows-x86_64 0.0.2 6.00 137.00 143.00 OK
r-patched-linux-x86_64 0.0.2 3.75 125.78 129.53 OK
r-release-linux-x86_64 0.0.2 3.15 125.91 129.06 OK
r-release-macos-arm64 0.0.2 64.00 OK
r-release-macos-x86_64 0.0.2 159.00 OK
r-release-windows-x86_64 0.0.2 7.00 135.00 142.00 OK
r-oldrel-macos-arm64 0.0.2 67.00 NOTE
r-oldrel-macos-x86_64 0.0.2 131.00 NOTE
r-oldrel-windows-x86_64 0.0.2 7.00 187.00 194.00 NOTE

Check Details

Version: 0.0.2
Check: CRAN incoming feasibility
Result: NOTE Maintainer: ‘Sam Wilks <sw463@cam.ac.uk>’ No Authors@R field in DESCRIPTION. Please add one, modifying Authors@R: person(given = "Sam", family = "Wilks", role = c("aut", "cre"), email = "sw463@cam.ac.uk") as necessary. Flavors: r-devel-linux-x86_64-debian-clang, r-devel-linux-x86_64-debian-gcc

Version: 0.0.2
Check: installed package size
Result: NOTE installed size is 7.3Mb sub-directories of 1Mb or more: doc 5.3Mb htmlwidgets 1.8Mb Flavors: r-oldrel-macos-arm64, r-oldrel-macos-x86_64, r-oldrel-windows-x86_64