Last updated on 2025-11-15 02:53:12 CET.
| Flavor | Version | Tinstall | Tcheck | Ttotal | Status | Flags |
|---|---|---|---|---|---|---|
| r-devel-linux-x86_64-debian-clang | 0.1.0 | 5.55 | 47.48 | 53.03 | NOTE | |
| r-devel-linux-x86_64-debian-gcc | 0.1.0 | 3.40 | 35.65 | 39.05 | NOTE | |
| r-devel-linux-x86_64-fedora-clang | 0.1.0 | 12.00 | 66.32 | 78.32 | NOTE | |
| r-devel-linux-x86_64-fedora-gcc | 0.1.0 | 17.00 | 59.34 | 76.34 | NOTE | |
| r-devel-windows-x86_64 | 0.1.0 | 8.00 | 60.00 | 68.00 | NOTE | |
| r-patched-linux-x86_64 | 0.1.0 | 5.21 | 42.68 | 47.89 | NOTE | |
| r-release-linux-x86_64 | 0.1.0 | 5.39 | 43.11 | 48.50 | NOTE | |
| r-release-macos-arm64 | 0.1.0 | 3.00 | 24.00 | 27.00 | NOTE | |
| r-release-macos-x86_64 | 0.1.0 | 4.00 | 44.00 | 48.00 | NOTE | |
| r-release-windows-x86_64 | 0.1.0 | 7.00 | 62.00 | 69.00 | NOTE | |
| r-oldrel-macos-arm64 | 0.1.0 | 3.00 | 24.00 | 27.00 | NOTE | |
| r-oldrel-macos-x86_64 | 0.1.0 | 4.00 | 35.00 | 39.00 | NOTE | |
| r-oldrel-windows-x86_64 | 0.1.0 | 10.00 | 71.00 | 81.00 | NOTE |
Version: 0.1.0
Check: Rd files
Result: NOTE
checkRd: (-1) extract_class.Rd:18: Lost braces in \itemize; \value handles \item{}{} directly
checkRd: (-1) extract_class.Rd:19: Lost braces in \itemize; \value handles \item{}{} directly
checkRd: (-1) extract_class.Rd:20: Lost braces in \itemize; \value handles \item{}{} directly
Flavors: r-devel-linux-x86_64-debian-clang, r-devel-linux-x86_64-debian-gcc, r-devel-linux-x86_64-fedora-clang, r-devel-linux-x86_64-fedora-gcc, r-devel-windows-x86_64, r-patched-linux-x86_64, r-release-linux-x86_64, r-release-macos-arm64, r-release-macos-x86_64, r-release-windows-x86_64, r-oldrel-macos-arm64, r-oldrel-macos-x86_64, r-oldrel-windows-x86_64
Version: 0.1.0
Check: LazyData
Result: NOTE
'LazyData' is specified without a 'data' directory
Flavors: r-oldrel-macos-arm64, r-oldrel-macos-x86_64, r-oldrel-windows-x86_64