Last updated on 2025-11-12 02:53:09 CET.
| Flavor | Version | Tinstall | Tcheck | Ttotal | Status | Flags |
|---|---|---|---|---|---|---|
| r-devel-linux-x86_64-debian-clang | 1.0.0 | 16.94 | 85.26 | 102.20 | OK | |
| r-devel-linux-x86_64-debian-gcc | 1.0.0 | 10.74 | 58.98 | 69.72 | OK | |
| r-devel-linux-x86_64-fedora-clang | 1.0.0 | 37.00 | 128.09 | 165.09 | OK | |
| r-devel-linux-x86_64-fedora-gcc | 1.0.0 | 43.00 | 126.34 | 169.34 | OK | |
| r-devel-windows-x86_64 | 1.0.0 | 21.00 | 121.00 | 142.00 | OK | |
| r-patched-linux-x86_64 | 1.0.0 | 16.72 | 80.44 | 97.16 | OK | |
| r-release-linux-x86_64 | 1.0.0 | 16.68 | 80.96 | 97.64 | OK | |
| r-release-macos-arm64 | 1.0.0 | 8.00 | 44.00 | 52.00 | OK | |
| r-release-macos-x86_64 | 1.0.0 | 11.00 | 95.00 | 106.00 | OK | |
| r-release-windows-x86_64 | 1.0.0 | 22.00 | 120.00 | 142.00 | OK | |
| r-oldrel-macos-arm64 | 1.0.0 | 6.00 | 51.00 | 57.00 | NOTE | |
| r-oldrel-macos-x86_64 | 1.0.0 | 11.00 | 99.00 | 110.00 | NOTE | |
| r-oldrel-windows-x86_64 | 1.0.0 | 29.00 | 152.00 | 181.00 | NOTE |
Version: 1.0.0
Check: installed package size
Result: NOTE
installed size is 7.3Mb
sub-directories of 1Mb or more:
extdata 5.9Mb
libs 1.0Mb
Flavors: r-oldrel-macos-arm64, r-oldrel-macos-x86_64, r-oldrel-windows-x86_64