Last updated on 2025-11-20 02:49:25 CET.
| Flavor | Version | Tinstall | Tcheck | Ttotal | Status | Flags |
|---|---|---|---|---|---|---|
| r-devel-linux-x86_64-debian-clang | 0.2.5 | 261.85 | 216.27 | 478.12 | OK | |
| r-devel-linux-x86_64-debian-gcc | 0.2.5 | 240.18 | 199.64 | 439.82 | OK | |
| r-devel-linux-x86_64-fedora-clang | 0.2.5 | 485.00 | 266.52 | 751.52 | NOTE | |
| r-devel-linux-x86_64-fedora-gcc | 0.2.5 | 780.00 | 199.82 | 979.82 | NOTE | |
| r-devel-windows-x86_64 | 0.2.5 | 290.00 | 264.00 | 554.00 | OK | |
| r-patched-linux-x86_64 | 0.2.5 | 298.02 | 234.37 | 532.39 | OK | |
| r-release-linux-x86_64 | 0.2.5 | 298.79 | 330.21 | 629.00 | OK | |
| r-release-macos-arm64 | 0.2.5 | OK | ||||
| r-release-macos-x86_64 | 0.2.5 | 198.00 | 204.00 | 402.00 | OK | |
| r-release-windows-x86_64 | 0.2.5 | 277.00 | 250.00 | 527.00 | OK | |
| r-oldrel-macos-arm64 | 0.2.5 | NOTE | ||||
| r-oldrel-macos-x86_64 | 0.2.5 | 186.00 | 201.00 | 387.00 | NOTE | |
| r-oldrel-windows-x86_64 | 0.2.5 | 321.00 | 350.00 | 671.00 | NOTE |
Version: 0.2.5
Check: dependencies in R code
Result: NOTE
Namespace in Imports field not imported from: ‘rstantools’
All declared Imports should be used.
Flavors: r-devel-linux-x86_64-fedora-clang, r-devel-linux-x86_64-fedora-gcc
Version: 0.2.5
Check: installed package size
Result: NOTE
installed size is 88.8Mb
sub-directories of 1Mb or more:
libs 87.7Mb
Flavors: r-oldrel-macos-arm64, r-oldrel-macos-x86_64
Version: 0.2.5
Check: for GNU extensions in Makefiles
Result: NOTE
GNU make is a SystemRequirements.
Flavors: r-oldrel-macos-arm64, r-oldrel-macos-x86_64, r-oldrel-windows-x86_64