Last updated on 2025-05-07 01:50:11 CEST.
Flavor | Version | Tinstall | Tcheck | Ttotal | Status | Flags |
---|---|---|---|---|---|---|
r-devel-linux-x86_64-debian-clang | 2.22.12 | 5.37 | 67.20 | 72.57 | NOTE | |
r-devel-linux-x86_64-debian-gcc | 2.22.12 | 3.59 | 50.43 | 54.02 | NOTE | |
r-devel-linux-x86_64-fedora-clang | 2.22.12 | 120.18 | OK | |||
r-devel-linux-x86_64-fedora-gcc | 2.22.12 | 124.84 | OK | |||
r-devel-windows-x86_64 | 2.22.12 | 5.00 | 170.00 | 175.00 | OK | |
r-patched-linux-x86_64 | 2.22.12 | 5.23 | 64.23 | 69.46 | OK | |
r-release-linux-x86_64 | 2.22.12 | 4.41 | 64.14 | 68.55 | OK | |
r-release-macos-arm64 | 2.22.12 | 52.00 | OK | |||
r-release-macos-x86_64 | 2.22.12 | 137.00 | OK | |||
r-release-windows-x86_64 | 2.22.12 | 6.00 | 177.00 | 183.00 | OK | |
r-oldrel-macos-arm64 | 2.22.12 | 45.00 | OK | |||
r-oldrel-macos-x86_64 | 2.22.12 | 117.00 | OK | |||
r-oldrel-windows-x86_64 | 2.22.12 | 5.00 | 168.00 | 173.00 | OK |
Version: 2.22.12
Check: CRAN incoming feasibility
Result: NOTE
Maintainer: ‘Chanseok Park <statpnu@gmail.com>’
Package CITATION file contains call(s) to old-style personList() or
as.personList(). Please use c() on person objects instead.
Package CITATION file contains call(s) to old-style citEntry(). Please
use bibentry() instead.
Flavors: r-devel-linux-x86_64-debian-clang, r-devel-linux-x86_64-debian-gcc