Last updated on 2024-07-27 01:53:22 CEST.
Flavor | Version | Tinstall | Tcheck | Ttotal | Status | Flags |
---|---|---|---|---|---|---|
r-devel-linux-x86_64-debian-clang | 4.23.1-2 | 134.00 | 190.49 | 324.49 | NOTE | |
r-devel-linux-x86_64-debian-gcc | 4.23.1-2 | 103.90 | 134.39 | 238.29 | NOTE | |
r-devel-linux-x86_64-fedora-clang | 4.23.1-2 | 536.65 | NOTE | |||
r-devel-linux-x86_64-fedora-gcc | 4.23.1-2 | 470.42 | NOTE | |||
r-devel-windows-x86_64 | 4.23.1-2 | 113.00 | 187.00 | 300.00 | NOTE | |
r-patched-linux-x86_64 | 4.23.1-2 | NOTE | ||||
r-release-linux-x86_64 | 4.23.1-2 | 131.98 | 180.43 | 312.41 | NOTE | |
r-release-macos-arm64 | 4.23.1-2 | 116.00 | NOTE | |||
r-release-macos-x86_64 | 4.23.1-2 | 170.00 | NOTE | |||
r-release-windows-x86_64 | 4.23.1-2 | 128.00 | 200.00 | 328.00 | NOTE | |
r-oldrel-macos-arm64 | 4.23.1-2 | 122.00 | NOTE | |||
r-oldrel-macos-x86_64 | 4.23.1-2 | 237.00 | NOTE | |||
r-oldrel-windows-x86_64 | 4.23.1-2 | 126.00 | 238.00 | 364.00 | NOTE |
Version: 4.23.1-2
Check: C++ specification
Result: NOTE
Specified C++11: please drop specification unless essential
Flavors: r-devel-linux-x86_64-debian-clang, r-devel-linux-x86_64-debian-gcc, r-devel-linux-x86_64-fedora-clang, r-devel-linux-x86_64-fedora-gcc, r-devel-windows-x86_64, r-patched-linux-x86_64, r-release-linux-x86_64, r-release-macos-arm64, r-release-macos-x86_64, r-release-windows-x86_64, r-oldrel-macos-arm64, r-oldrel-macos-x86_64, r-oldrel-windows-x86_64
Version: 4.23.1-2
Check: for GNU extensions in Makefiles
Result: NOTE
GNU make is a SystemRequirements.
Flavors: r-devel-linux-x86_64-debian-clang, r-devel-linux-x86_64-debian-gcc, r-devel-linux-x86_64-fedora-clang, r-devel-linux-x86_64-fedora-gcc, r-devel-windows-x86_64, r-patched-linux-x86_64, r-release-linux-x86_64, r-release-macos-arm64, r-release-macos-x86_64, r-release-windows-x86_64, r-oldrel-macos-arm64, r-oldrel-macos-x86_64, r-oldrel-windows-x86_64
Version: 4.23.1-2
Check: Rd cross-references
Result: NOTE
Found the following Rd file(s) with Rd \link{} targets missing package
anchors:
TRNG.Engine.Rd: Rcpp, Module-class
rTRNG-package.Rd: dependsAttribute
rbinom_trng.Rd: RcppParallel, setThreadOptions
rlnorm_trng.Rd: RcppParallel, setThreadOptions
rnorm_trng.Rd: RcppParallel, setThreadOptions
rpois_trng.Rd: RcppParallel, setThreadOptions
runif_trng.Rd: RcppParallel, setThreadOptions
Please provide package anchors for all Rd \link{} targets not in the
package itself and the base packages.
Flavors: r-devel-linux-x86_64-debian-gcc, r-devel-windows-x86_64
Version: 4.23.1-2
Check: installed package size
Result: NOTE
installed size is 11.5Mb
sub-directories of 1Mb or more:
doc 7.9Mb
libs 2.8Mb
Flavors: r-devel-linux-x86_64-fedora-clang, r-devel-windows-x86_64, r-release-macos-arm64, r-release-macos-x86_64, r-release-windows-x86_64, r-oldrel-macos-arm64, r-oldrel-macos-x86_64, r-oldrel-windows-x86_64