Last updated on 2025-11-12 01:49:07 CET.
| Flavor | Version | Tinstall | Tcheck | Ttotal | Status | Flags |
|---|---|---|---|---|---|---|
| r-devel-linux-x86_64-debian-clang | 1.2.1 | 48.76 | 130.29 | 179.05 | OK | |
| r-devel-linux-x86_64-debian-gcc | 1.2.1 | 28.02 | 86.61 | 114.63 | OK | |
| r-devel-linux-x86_64-fedora-clang | 1.2.1 | 232.00 | 98.63 | 330.63 | NOTE | |
| r-devel-linux-x86_64-fedora-gcc | 1.2.1 | 112.00 | 178.73 | 290.73 | NOTE | |
| r-devel-windows-x86_64 | 1.2.1 | 60.00 | 141.00 | 201.00 | OK | |
| r-patched-linux-x86_64 | 1.2.1 | 48.51 | 122.54 | 171.05 | OK | |
| r-release-linux-x86_64 | 1.2.1 | 43.07 | 121.54 | 164.61 | OK | |
| r-release-macos-arm64 | 1.2.1 | 16.00 | 65.00 | 81.00 | OK | |
| r-release-macos-x86_64 | 1.2.1 | 21.00 | 173.00 | 194.00 | OK | |
| r-release-windows-x86_64 | 1.2.1 | 59.00 | 139.00 | 198.00 | OK | |
| r-oldrel-macos-arm64 | 1.2.1 | 16.00 | 49.00 | 65.00 | OK | |
| r-oldrel-macos-x86_64 | 1.2.1 | 20.00 | 85.00 | 105.00 | OK | |
| r-oldrel-windows-x86_64 | 1.2.1 | 70.00 | 183.00 | 253.00 | OK |
Version: 1.2.1
Check: dependencies in R code
Result: NOTE
Namespace in Imports field not imported from: ‘comat’
All declared Imports should be used.
Flavors: r-devel-linux-x86_64-fedora-clang, r-devel-linux-x86_64-fedora-gcc