Last updated on 2024-07-27 01:53:20 CEST.
Flavor | Version | Tinstall | Tcheck | Ttotal | Status | Flags |
---|---|---|---|---|---|---|
r-devel-linux-x86_64-debian-clang | 3.0.2 | 44.91 | 197.98 | 242.89 | NOTE | |
r-devel-linux-x86_64-debian-gcc | 3.0.2 | 30.24 | 143.52 | 173.76 | NOTE | |
r-devel-linux-x86_64-fedora-clang | 3.0.2 | 299.24 | NOTE | |||
r-devel-linux-x86_64-fedora-gcc | 3.0.2 | 298.35 | NOTE | |||
r-devel-windows-x86_64 | 3.0.2 | 28.00 | 164.00 | 192.00 | NOTE | |
r-patched-linux-x86_64 | 3.0.2 | NOTE | ||||
r-release-linux-x86_64 | 3.0.2 | 24.05 | 190.76 | 214.81 | NOTE | |
r-release-macos-arm64 | 3.0.2 | 74.00 | NOTE | |||
r-release-macos-x86_64 | 3.0.2 | 121.00 | NOTE | |||
r-release-windows-x86_64 | 3.0.2 | 31.00 | 164.00 | 195.00 | NOTE | |
r-oldrel-macos-arm64 | 3.0.2 | 78.00 | OK | |||
r-oldrel-macos-x86_64 | 3.0.2 | 192.00 | OK | |||
r-oldrel-windows-x86_64 | 3.0.2 | 41.00 | 203.00 | 244.00 | OK |
Version: 3.0.2
Check: Rd files
Result: NOTE
checkRd: (-1) makeDesignMatrix.Rd:16: Lost braces; missing escapes or markup?
16 | is randomized to a certain treatment {j}, the entry of \code{(i,j)} of the
| ^
Flavors: r-devel-linux-x86_64-debian-clang, r-devel-linux-x86_64-debian-gcc, r-devel-linux-x86_64-fedora-clang, r-devel-linux-x86_64-fedora-gcc, r-devel-windows-x86_64, r-patched-linux-x86_64, r-release-linux-x86_64, r-release-macos-arm64, r-release-macos-x86_64, r-release-windows-x86_64