Last updated on 2024-07-27 01:53:20 CEST.
Flavor | Version | Tinstall | Tcheck | Ttotal | Status | Flags |
---|---|---|---|---|---|---|
r-devel-linux-x86_64-debian-clang | 0.16.0 | 103.70 | 116.43 | 220.13 | OK | |
r-devel-linux-x86_64-debian-gcc | 0.16.0 | 79.55 | 93.71 | 173.26 | OK | |
r-devel-linux-x86_64-fedora-clang | 0.16.0 | 340.12 | OK | |||
r-devel-linux-x86_64-fedora-gcc | 0.16.0 | 324.25 | OK | |||
r-devel-windows-x86_64 | 0.16.0 | 91.00 | 135.00 | 226.00 | OK | |
r-patched-linux-x86_64 | 0.16.0 | OK | ||||
r-release-linux-x86_64 | 0.16.0 | 97.45 | 108.94 | 206.39 | OK | |
r-release-macos-arm64 | 0.16.0 | 85.00 | NOTE | |||
r-release-macos-x86_64 | 0.16.0 | 87.00 | NOTE | |||
r-release-windows-x86_64 | 0.16.0 | 98.00 | 132.00 | 230.00 | OK | |
r-oldrel-macos-arm64 | 0.16.0 | 76.00 | NOTE | |||
r-oldrel-macos-x86_64 | 0.16.0 | 142.00 | NOTE | |||
r-oldrel-windows-x86_64 | 0.16.0 | 104.00 | 164.00 | 268.00 | OK |
Version: 0.16.0
Check: installed package size
Result: NOTE
installed size is 7.6Mb
sub-directories of 1Mb or more:
libs 7.3Mb
Flavors: r-release-macos-arm64, r-release-macos-x86_64, r-oldrel-macos-arm64, r-oldrel-macos-x86_64