Last updated on 2025-11-16 01:49:27 CET.
| Flavor | Version | Tinstall | Tcheck | Ttotal | Status | Flags |
|---|---|---|---|---|---|---|
| r-devel-linux-x86_64-debian-clang | 1.0.3 | 11.44 | 110.46 | 121.90 | NOTE | |
| r-devel-linux-x86_64-debian-gcc | 1.0.3 | 8.91 | 82.67 | 91.58 | OK | |
| r-devel-linux-x86_64-fedora-clang | 1.0.3 | 74.00 | 130.14 | 204.14 | OK | |
| r-devel-linux-x86_64-fedora-gcc | 1.0.3 | 66.00 | 124.98 | 190.98 | OK | |
| r-devel-windows-x86_64 | 1.0.3 | 16.00 | 114.00 | 130.00 | NOTE | |
| r-patched-linux-x86_64 | 1.0.3 | 13.58 | 108.36 | 121.94 | OK | |
| r-release-linux-x86_64 | 1.0.3 | 13.56 | 109.33 | 122.89 | OK | |
| r-release-macos-arm64 | 1.0.3 | 7.00 | 38.00 | 45.00 | OK | |
| r-release-macos-x86_64 | 1.0.3 | 14.00 | 117.00 | 131.00 | OK | |
| r-release-windows-x86_64 | 1.0.3 | 15.00 | 113.00 | 128.00 | OK | |
| r-oldrel-macos-arm64 | 1.0.3 | 6.00 | 49.00 | 55.00 | OK | |
| r-oldrel-macos-x86_64 | 1.0.3 | 11.00 | 114.00 | 125.00 | OK | |
| r-oldrel-windows-x86_64 | 1.0.3 | 20.00 | 142.00 | 162.00 | OK |
Version: 1.0.3
Check: Rd files
Result: NOTE
checkRd: (-1) rankCorrCluster.Rd:84-88: Only 2 columns allowed in this table (row 1 has 1)
checkRd: (-1) rankCorrCluster.Rd:84-88: Only 2 columns allowed in this table (row 2 has 1)
checkRd: (-1) rankCorrCluster.Rd:84-88: Only 2 columns allowed in this table (row 3 has 1)
Flavors: r-devel-linux-x86_64-debian-clang, r-devel-windows-x86_64