Last updated on 2025-05-07 01:50:09 CEST.
Flavor | Version | Tinstall | Tcheck | Ttotal | Status | Flags |
---|---|---|---|---|---|---|
r-devel-linux-x86_64-debian-clang | 0.1 | 1.76 | 18.27 | 20.03 | NOTE | |
r-devel-linux-x86_64-debian-gcc | 0.1 | 1.38 | 15.17 | 16.55 | NOTE | |
r-devel-linux-x86_64-fedora-clang | 0.1 | 32.78 | OK | |||
r-devel-linux-x86_64-fedora-gcc | 0.1 | 32.19 | OK | |||
r-devel-windows-x86_64 | 0.1 | 4.00 | 39.00 | 43.00 | OK | |
r-patched-linux-x86_64 | 0.1 | 1.79 | 17.34 | 19.13 | OK | |
r-release-linux-x86_64 | 0.1 | 1.75 | 17.50 | 19.25 | OK | |
r-release-macos-arm64 | 0.1 | 15.00 | OK | |||
r-release-macos-x86_64 | 0.1 | 24.00 | OK | |||
r-release-windows-x86_64 | 0.1 | 3.00 | 43.00 | 46.00 | OK | |
r-oldrel-macos-arm64 | 0.1 | 13.00 | OK | |||
r-oldrel-macos-x86_64 | 0.1 | 20.00 | OK | |||
r-oldrel-windows-x86_64 | 0.1 | 3.00 | 39.00 | 42.00 | OK |
Version: 0.1
Check: CRAN incoming feasibility
Result: NOTE
Maintainer: ‘Paul Murrell <paul@stat.auckland.ac.nz>’
No Authors@R field in DESCRIPTION.
Please add one, modifying
Authors@R: person(given = "Paul",
family = "Murrell",
role = c("aut", "cre"),
email = "paul@stat.auckland.ac.nz")
as necessary.
Flavors: r-devel-linux-x86_64-debian-clang, r-devel-linux-x86_64-debian-gcc