CRAN Package Check Results for Package rationalfun

Last updated on 2025-11-13 01:50:31 CET.

Flavor Version Tinstall Tcheck Ttotal Status Flags
r-devel-linux-x86_64-debian-clang 0.1-1 2.04 21.04 23.08 NOTE
r-devel-linux-x86_64-debian-gcc 0.1-1 1.59 17.12 18.71 NOTE
r-devel-linux-x86_64-fedora-clang 0.1-1 33.72 OK
r-devel-linux-x86_64-fedora-gcc 0.1-1 32.37 OK
r-devel-windows-x86_64 0.1-1 3.00 40.00 43.00 OK
r-patched-linux-x86_64 0.1-1 2.18 20.05 22.23 OK
r-release-linux-x86_64 0.1-1 1.89 19.98 21.87 OK
r-release-macos-arm64 0.1-1 1.00 13.00 14.00 OK
r-release-macos-x86_64 0.1-1 2.00 22.00 24.00 OK
r-release-windows-x86_64 0.1-1 2.00 43.00 45.00 OK
r-oldrel-macos-arm64 0.1-1 1.00 13.00 14.00 OK
r-oldrel-macos-x86_64 0.1-1 2.00 18.00 20.00 OK
r-oldrel-windows-x86_64 0.1-1 4.00 45.00 49.00 OK

Check Details

Version: 0.1-1
Check: CRAN incoming feasibility
Result: NOTE Maintainer: ‘Yixuan Qiu <yixuan.qiu@cos.name>’ No Authors@R field in DESCRIPTION. Please add one, modifying Authors@R: person(given = "Yixuan", family = "Qiu", role = c("aut", "cre"), email = "yixuan.qiu@cos.name") as necessary. Flavors: r-devel-linux-x86_64-debian-clang, r-devel-linux-x86_64-debian-gcc