Last updated on 2025-05-08 01:51:17 CEST.
Flavor | Version | Tinstall | Tcheck | Ttotal | Status | Flags |
---|---|---|---|---|---|---|
r-devel-linux-x86_64-debian-clang | 0.38.10 | 496.99 | 85.02 | 582.01 | OK | |
r-devel-linux-x86_64-debian-gcc | 0.38.10 | 385.64 | 56.17 | 441.81 | OK | |
r-devel-linux-x86_64-fedora-clang | 0.38.10 | 1113.75 | OK | |||
r-devel-linux-x86_64-fedora-gcc | 0.38.10 | 1390.67 | OK | |||
r-devel-windows-x86_64 | 0.38.10 | 672.00 | 147.00 | 819.00 | OK | |
r-patched-linux-x86_64 | 0.38.10 | 548.06 | 77.50 | 625.56 | OK | |
r-release-linux-x86_64 | 0.38.10 | 549.51 | 77.70 | 627.21 | OK | |
r-release-macos-arm64 | 0.38.10 | 198.00 | OK | |||
r-release-macos-x86_64 | 0.38.10 | 180.00 | OK | |||
r-release-windows-x86_64 | 0.38.10 | 674.00 | 147.00 | 821.00 | OK | |
r-oldrel-macos-arm64 | 0.38.10 | 188.00 | NOTE | |||
r-oldrel-macos-x86_64 | 0.38.10 | 185.00 | NOTE | |||
r-oldrel-windows-x86_64 | 0.38.10 | 758.00 | 172.00 | 930.00 | NOTE |
Version: 0.38.10
Check: installed package size
Result: NOTE
installed size is 26.3Mb
sub-directories of 1Mb or more:
libs 25.4Mb
Flavors: r-oldrel-macos-arm64, r-oldrel-macos-x86_64, r-oldrel-windows-x86_64