Last updated on 2024-07-27 01:53:21 CEST.
Flavor | Version | Tinstall | Tcheck | Ttotal | Status | Flags |
---|---|---|---|---|---|---|
r-devel-linux-x86_64-debian-clang | 1.2.1 | 498.17 | 252.21 | 750.38 | NOTE | |
r-devel-linux-x86_64-debian-gcc | 1.2.1 | 383.92 | 212.02 | 595.94 | NOTE | |
r-devel-linux-x86_64-fedora-clang | 1.2.1 | 936.51 | NOTE | |||
r-devel-linux-x86_64-fedora-gcc | 1.2.1 | 1169.70 | NOTE | |||
r-devel-windows-x86_64 | 1.2.1 | 360.00 | 241.00 | 601.00 | NOTE | |
r-patched-linux-x86_64 | 1.2.1 | NOTE | ||||
r-release-linux-x86_64 | 1.2.1 | 376.61 | 279.46 | 656.07 | NOTE | |
r-release-macos-arm64 | 1.2.1 | 247.00 | NOTE | |||
r-release-macos-x86_64 | 1.2.1 | 267.00 | NOTE | |||
r-release-windows-x86_64 | 1.2.1 | 361.00 | 235.00 | 596.00 | NOTE | |
r-oldrel-macos-arm64 | 1.2.1 | 174.00 | NOTE | |||
r-oldrel-macos-x86_64 | 1.2.1 | 184.00 | NOTE | |||
r-oldrel-windows-x86_64 | 1.2.1 | 470.00 | 287.00 | 757.00 | NOTE |
Version: 1.2.1
Check: for GNU extensions in Makefiles
Result: NOTE
GNU make is a SystemRequirements.
Flavors: r-devel-linux-x86_64-debian-clang, r-devel-linux-x86_64-debian-gcc, r-devel-linux-x86_64-fedora-clang, r-devel-linux-x86_64-fedora-gcc, r-devel-windows-x86_64, r-patched-linux-x86_64, r-release-linux-x86_64, r-release-macos-arm64, r-release-macos-x86_64, r-release-windows-x86_64, r-oldrel-macos-arm64, r-oldrel-macos-x86_64, r-oldrel-windows-x86_64
Version: 1.2.1
Check: installed package size
Result: NOTE
installed size is 5.9Mb
sub-directories of 1Mb or more:
libs 5.3Mb
Flavors: r-devel-linux-x86_64-fedora-clang, r-release-macos-arm64, r-release-macos-x86_64, r-oldrel-macos-arm64, r-oldrel-macos-x86_64