Last updated on 2025-11-12 02:53:08 CET.
| Flavor | Version | Tinstall | Tcheck | Ttotal | Status | Flags |
|---|---|---|---|---|---|---|
| r-devel-linux-x86_64-debian-clang | 1.5.1 | 5.65 | 69.36 | 75.01 | OK | |
| r-devel-linux-x86_64-debian-gcc | 1.5.1 | 3.69 | 52.04 | 55.73 | OK | |
| r-devel-linux-x86_64-fedora-clang | 1.5.1 | 12.00 | 103.89 | 115.89 | OK | |
| r-devel-linux-x86_64-fedora-gcc | 1.5.1 | 12.00 | 94.70 | 106.70 | ERROR | |
| r-devel-windows-x86_64 | 1.5.1 | 7.00 | 86.00 | 93.00 | OK | |
| r-patched-linux-x86_64 | 1.5.1 | 5.71 | 64.80 | 70.51 | OK | |
| r-release-linux-x86_64 | 1.5.1 | 4.66 | 64.12 | 68.78 | OK | |
| r-release-macos-arm64 | 1.5.1 | 2.00 | 76.00 | 78.00 | OK | |
| r-release-macos-x86_64 | 1.5.1 | 6.00 | 81.00 | 87.00 | OK | |
| r-release-windows-x86_64 | 1.5.1 | 8.00 | 84.00 | 92.00 | OK | |
| r-oldrel-macos-arm64 | 1.5.1 | 2.00 | 44.00 | 46.00 | OK | |
| r-oldrel-macos-x86_64 | 1.5.1 | 12.00 | 166.00 | 178.00 | OK | |
| r-oldrel-windows-x86_64 | 1.5.1 | 12.00 | 100.00 | 112.00 | OK |
Version: 1.5.1
Check: re-building of vignette outputs
Result: ERROR
Error(s) in re-building vignettes:
--- re-building ‘using-rcldf.Rmd’ using rmarkdown
% Total % Received % Xferd Average Speed Time Time Time Current
Dload Upload Total Spent Left Speed
0 0 0 0 0 0 0 0 --:--:-- --:--:-- --:--:-- 0
100 20899 0 20899 0 0 110k 0 --:--:-- --:--:-- --:--:-- 110k
Quitting from using-rcldf.Rmd:289-292 [unnamed-chunk-18]
~~~~~~~~~~~~~~~~~~~~~~~~~~~~~~~~~~~~~~~~~~~~~~~~~~~~~~~~~~~~~~~~~~~~~~~~~~~~~~~~
<error/rlang_error>
Error:
! archive_extract.cpp:140 archive_read_open1(): Unrecognized archive format
---
Backtrace:
▆
1. └─rcldf::cldf("https://zenodo.org/records/7844558/files/grambank/grambank-v1.0.3.zip?download=1")
2. └─rcldf::resolve_path(mdpath, cache_dir = cache_dir)
3. └─archive::archive_extract(path, cachekey, strip_components = 0)
4. └─archive:::archive_extract_(...)
~~~~~~~~~~~~~~~~~~~~~~~~~~~~~~~~~~~~~~~~~~~~~~~~~~~~~~~~~~~~~~~~~~~~~~~~~~~~~~~~
Error: processing vignette 'using-rcldf.Rmd' failed with diagnostics:
archive_extract.cpp:140 archive_read_open1(): Unrecognized archive format
--- failed re-building ‘using-rcldf.Rmd’
SUMMARY: processing the following file failed:
‘using-rcldf.Rmd’
Error: Vignette re-building failed.
Execution halted
Flavor: r-devel-linux-x86_64-fedora-gcc