CRAN Package Check Results for Package rcrimeanalysis

Last updated on 2025-10-02 01:50:09 CEST.

Flavor Version Tinstall Tcheck Ttotal Status Flags
r-devel-linux-x86_64-debian-clang 0.5.0 34.98 330.89 365.87 NOTE
r-devel-linux-x86_64-debian-gcc 0.5.0 24.98 215.76 240.74 NOTE
r-devel-linux-x86_64-fedora-clang 0.5.0 566.89 OK
r-devel-linux-x86_64-fedora-gcc 0.5.0 565.25 OK
r-devel-windows-x86_64 0.5.0 36.00 252.00 288.00 OK
r-patched-linux-x86_64 0.5.0 33.36 311.08 344.44 OK
r-release-linux-x86_64 0.5.0 36.70 313.59 350.29 OK
r-release-macos-arm64 0.5.0 135.00 OK
r-release-macos-x86_64 0.5.0 266.00 OK
r-release-windows-x86_64 0.5.0 35.00 246.00 281.00 OK
r-oldrel-macos-arm64 0.5.0 120.00 OK
r-oldrel-macos-x86_64 0.5.0 210.00 OK
r-oldrel-windows-x86_64 0.5.0 48.00 328.00 376.00 OK

Check Details

Version: 0.5.0
Check: CRAN incoming feasibility
Result: NOTE Maintainer: ‘Jamie Spaulding <jspaulding02@hamline.edu>’ No Authors@R field in DESCRIPTION. Please add one, modifying Authors@R: c(person(given = "Jamie", family = "Spaulding", role = c("aut", "cre"), email = "jspaulding02@hamline.edu"), person(given = "Keith", family = "Morris", role = "aut")) as necessary. Flavors: r-devel-linux-x86_64-debian-clang, r-devel-linux-x86_64-debian-gcc