Last updated on 2025-11-13 01:50:31 CET.
| Flavor | Version | Tinstall | Tcheck | Ttotal | Status | Flags |
|---|---|---|---|---|---|---|
| r-devel-linux-x86_64-debian-clang | 0.5.0 | 38.61 | 330.31 | 368.92 | NOTE | |
| r-devel-linux-x86_64-debian-gcc | 0.5.0 | 27.29 | 216.82 | 244.11 | NOTE | |
| r-devel-linux-x86_64-fedora-clang | 0.5.0 | 84.00 | 486.04 | 570.04 | OK | |
| r-devel-linux-x86_64-fedora-gcc | 0.5.0 | 80.00 | 494.78 | 574.78 | OK | |
| r-devel-windows-x86_64 | 0.5.0 | 34.00 | 278.00 | 312.00 | OK | |
| r-patched-linux-x86_64 | 0.5.0 | 34.96 | 312.42 | 347.38 | OK | |
| r-release-linux-x86_64 | 0.5.0 | 35.25 | 315.04 | 350.29 | OK | |
| r-release-macos-arm64 | 0.5.0 | 14.00 | 121.00 | 135.00 | OK | |
| r-release-macos-x86_64 | 0.5.0 | 35.00 | 231.00 | 266.00 | OK | |
| r-release-windows-x86_64 | 0.5.0 | 34.00 | 245.00 | 279.00 | OK | |
| r-oldrel-macos-arm64 | 0.5.0 | 15.00 | 105.00 | 120.00 | OK | |
| r-oldrel-macos-x86_64 | 0.5.0 | 33.00 | 177.00 | 210.00 | OK | |
| r-oldrel-windows-x86_64 | 0.5.0 | 50.00 | 335.00 | 385.00 | OK |
Version: 0.5.0
Check: CRAN incoming feasibility
Result: NOTE
Maintainer: ‘Jamie Spaulding <jspaulding02@hamline.edu>’
No Authors@R field in DESCRIPTION.
Please add one, modifying
Authors@R: c(person(given = "Jamie",
family = "Spaulding",
role = c("aut", "cre"),
email = "jspaulding02@hamline.edu"),
person(given = "Keith",
family = "Morris",
role = "aut"))
as necessary.
Flavors: r-devel-linux-x86_64-debian-clang, r-devel-linux-x86_64-debian-gcc