CRAN Package Check Results for Package readMLData

Last updated on 2025-11-20 02:49:24 CET.

Flavor Version Tinstall Tcheck Ttotal Status Flags
r-devel-linux-x86_64-debian-clang 0.9-7 3.08 29.10 32.18 NOTE
r-devel-linux-x86_64-debian-gcc 0.9-7 2.26 22.75 25.01 NOTE
r-devel-linux-x86_64-fedora-clang 0.9-7 47.87 OK
r-devel-linux-x86_64-fedora-gcc 0.9-7 46.15 OK
r-devel-windows-x86_64 0.9-7 4.00 78.00 82.00 OK
r-patched-linux-x86_64 0.9-7 2.81 26.96 29.77 OK
r-release-linux-x86_64 0.9-7 2.79 27.16 29.95 OK
r-release-macos-arm64 0.9-7 OK
r-release-macos-x86_64 0.9-7 2.00 26.00 28.00 OK
r-release-windows-x86_64 0.9-7 4.00 46.00 50.00 OK
r-oldrel-macos-arm64 0.9-7 OK
r-oldrel-macos-x86_64 0.9-7 2.00 22.00 24.00 OK
r-oldrel-windows-x86_64 0.9-7 7.00 54.00 61.00 OK

Check Details

Version: 0.9-7
Check: CRAN incoming feasibility
Result: NOTE Maintainer: ‘Petr Savicky <savicky@cs.cas.cz>’ No Authors@R field in DESCRIPTION. Please add one, modifying Authors@R: person(given = "Petr", family = "Savicky", role = c("aut", "cre"), email = "savicky@cs.cas.cz") as necessary. Flavors: r-devel-linux-x86_64-debian-clang, r-devel-linux-x86_64-debian-gcc