Last updated on 2024-07-27 01:53:21 CEST.
Flavor | Version | Tinstall | Tcheck | Ttotal | Status | Flags |
---|---|---|---|---|---|---|
r-devel-linux-x86_64-debian-clang | 2.1.5 | 79.66 | 126.94 | 206.60 | NOTE | |
r-devel-linux-x86_64-debian-gcc | 2.1.5 | 53.13 | 94.46 | 147.59 | NOTE | |
r-devel-linux-x86_64-fedora-clang | 2.1.5 | 296.47 | NOTE | |||
r-devel-linux-x86_64-fedora-gcc | 2.1.5 | 284.82 | NOTE | |||
r-devel-windows-x86_64 | 2.1.5 | 79.00 | 152.00 | 231.00 | NOTE | |
r-patched-linux-x86_64 | 2.1.5 | OK | ||||
r-release-linux-x86_64 | 2.1.5 | 70.13 | 116.74 | 186.87 | OK | |
r-release-macos-arm64 | 2.1.5 | 75.00 | NOTE | |||
r-release-macos-x86_64 | 2.1.5 | 110.00 | NOTE | |||
r-release-windows-x86_64 | 2.1.5 | 74.00 | 146.00 | 220.00 | OK | |
r-oldrel-macos-arm64 | 2.1.5 | 88.00 | NOTE | |||
r-oldrel-macos-x86_64 | 2.1.5 | 130.00 | NOTE | |||
r-oldrel-windows-x86_64 | 2.1.5 | 91.00 | 167.00 | 258.00 | OK |
Version: 2.1.5
Check: compiled code
Result: NOTE
File ‘readr/libs/readr.so’:
Found non-API calls to R: ‘Rf_findVarInFrame3’, ‘SETLENGTH’,
‘SET_GROWABLE_BIT’, ‘SET_TRUELENGTH’
Compiled code should not call non-API entry points in R.
See ‘Writing portable packages’ in the ‘Writing R Extensions’ manual,
and section ‘Moving into C API compliance’ for issues with the use of
non-API entry points.
Flavors: r-devel-linux-x86_64-debian-clang, r-devel-linux-x86_64-debian-gcc, r-devel-linux-x86_64-fedora-clang, r-devel-linux-x86_64-fedora-gcc
Version: 2.1.5
Check: Rd cross-references
Result: NOTE
Found the following Rd file(s) with Rd \link{} targets missing package
anchors:
melt_delim.Rd: tibble
read_delim.Rd: tibble
Please provide package anchors for all Rd \link{} targets not in the
package itself and the base packages.
Flavors: r-devel-linux-x86_64-debian-gcc, r-devel-windows-x86_64
Version: 2.1.5
Check: Rd cross-references
Result: NOTE
Undeclared packages ‘tidyselect’, ‘vctrs’ in Rd xrefs
Flavor: r-devel-linux-x86_64-fedora-clang
Version: 2.1.5
Check: compiled code
Result: NOTE
File 'readr/libs/x64/readr.dll':
Found non-API calls to R: 'Rf_findVarInFrame3', 'SETLENGTH',
'SET_GROWABLE_BIT', 'SET_TRUELENGTH'
Compiled code should not call non-API entry points in R.
See 'Writing portable packages' in the 'Writing R Extensions' manual,
and section 'Moving into C API compliance' for issues with the use of
non-API entry points.
Flavor: r-devel-windows-x86_64
Version: 2.1.5
Check: installed package size
Result: NOTE
installed size is 5.4Mb
sub-directories of 1Mb or more:
libs 4.5Mb
Flavors: r-release-macos-arm64, r-release-macos-x86_64, r-oldrel-macos-arm64, r-oldrel-macos-x86_64